{"id":92432,"date":"2025-11-22T00:59:50","date_gmt":"2025-11-21T23:59:50","guid":{"rendered":"https:\/\/readymade.se\/core\/produkt\/forest-16127-klatterstallning\/"},"modified":"2026-01-09T14:46:54","modified_gmt":"2026-01-09T13:46:54","slug":"forest-16127-klatterstallning","status":"publish","type":"product","link":"https:\/\/readymade.se\/lekplats\/produkt\/forest-16127-klatterstallning\/","title":{"rendered":"Forest 16127 kl\u00e4tterst\u00e4llning"},"content":{"rendered":"<p>Forest 16127 \u00e4r en omfattande kl\u00e4tterst\u00e4llning med naturinspirerat tema. Den inneh\u00e5ller cirkul\u00e4rt r\u00f6r, h\u00e4ngande steg, kl\u00e4tterv\u00e4gg med h\u00e5l, korsstege, olika n\u00e4tformer, trampolin och rutschkana. Konstruktionen ger m\u00f6jlighet att kl\u00e4ttra, krypa, balansera, hoppa och glida. Tillverkad i rostfritt st\u00e5l, HDPE-plast och rep av polyestergarn f\u00f6r l\u00e5ng livsl\u00e4ngd. Uppfyller EN 1176-1 och EN 1176-3. Rekommenderad st\u00f6tyta \u00e4r gummibel\u00e4ggning eller gummianka.<\/p>\n","protected":false},"excerpt":{"rendered":"<p>Mycket stor kl\u00e4tterst\u00e4llning med naturtema och m\u00e5nga kl\u00e4tter-, balans- och lekelement.<\/p>\n","protected":false},"featured_media":91009,"template":"","meta":{"site-sidebar-layout":"","site-content-layout":"","ast-site-content-layout":"","site-content-style":"","site-sidebar-style":"","ast-global-header-display":"","ast-banner-title-visibility":"","ast-main-header-display":"","ast-hfb-above-header-display":"","ast-hfb-below-header-display":"","ast-hfb-mobile-header-display":"","site-post-title":"","ast-breadcrumbs-content":"","ast-featured-img":"","footer-sml-layout":"","theme-transparent-header-meta":"","adv-header-id-meta":"","stick-header-meta":"","header-above-stick-meta":"","header-main-stick-meta":"","header-below-stick-meta":"","astra-migrate-meta-layouts":"","ast-page-background-enabled":"default","ast-page-background-meta":{"desktop":{"background-color":"var(--ast-global-color-5)","background-image":"","background-repeat":"repeat","background-position":"center center","background-size":"auto","background-attachment":"scroll","background-type":"","background-media":"","overlay-type":"","overlay-color":"","overlay-opacity":"","overlay-gradient":""},"tablet":{"background-color":"","background-image":"","background-repeat":"repeat","background-position":"center center","background-size":"auto","background-attachment":"scroll","background-type":"","background-media":"","overlay-type":"","overlay-color":"","overlay-opacity":"","overlay-gradient":""},"mobile":{"background-color":"","background-image":"","background-repeat":"repeat","background-position":"center center","background-size":"auto","background-attachment":"scroll","background-type":"","background-media":"","overlay-type":"","overlay-color":"","overlay-opacity":"","overlay-gradient":""}},"ast-content-background-meta":{"desktop":{"background-color":"var(--ast-global-color-4)","background-image":"","background-repeat":"repeat","background-position":"center center","background-size":"auto","background-attachment":"scroll","background-type":"","background-media":"","overlay-type":"","overlay-color":"","overlay-opacity":"","overlay-gradient":""},"tablet":{"background-color":"var(--ast-global-color-4)","background-image":"","background-repeat":"repeat","background-position":"center center","background-size":"auto","background-attachment":"scroll","background-type":"","background-media":"","overlay-type":"","overlay-color":"","overlay-opacity":"","overlay-gradient":""},"mobile":{"background-color":"var(--ast-global-color-4)","background-image":"","background-repeat":"repeat","background-position":"center center","background-size":"auto","background-attachment":"scroll","background-type":"","background-media":"","overlay-type":"","overlay-color":"","overlay-opacity":"","overlay-gradient":""}}},"product_brand":[528],"product_cat":[53],"product_tag":[576],"class_list":{"0":"post-92432","1":"product","2":"type-product","3":"status-publish","4":"has-post-thumbnail","6":"product_brand-sapekor","7":"product_cat-klatterstallningar","8":"product_tag-core-klatterstallning","9":"desktop-align-center","10":"tablet-align-left","11":"mobile-align-left","13":"first","14":"instock","15":"taxable","16":"shipping-taxable","17":"purchasable","18":"product-type-simple"},"_links":{"self":[{"href":"https:\/\/readymade.se\/lekplats\/wp-json\/wp\/v2\/product\/92432","targetHints":{"allow":["GET"]}}],"collection":[{"href":"https:\/\/readymade.se\/lekplats\/wp-json\/wp\/v2\/product"}],"about":[{"href":"https:\/\/readymade.se\/lekplats\/wp-json\/wp\/v2\/types\/product"}],"wp:featuredmedia":[{"embeddable":true,"href":"https:\/\/readymade.se\/lekplats\/wp-json\/wp\/v2\/media\/91009"}],"wp:attachment":[{"href":"https:\/\/readymade.se\/lekplats\/wp-json\/wp\/v2\/media?parent=92432"}],"wp:term":[{"taxonomy":"product_brand","embeddable":true,"href":"https:\/\/readymade.se\/lekplats\/wp-json\/wp\/v2\/product_brand?post=92432"},{"taxonomy":"product_cat","embeddable":true,"href":"https:\/\/readymade.se\/lekplats\/wp-json\/wp\/v2\/product_cat?post=92432"},{"taxonomy":"product_tag","embeddable":true,"href":"https:\/\/readymade.se\/lekplats\/wp-json\/wp\/v2\/product_tag?post=92432"}],"curies":[{"name":"wp","href":"https:\/\/api.w.org\/{rel}","templated":true}]}}