{"id":89210,"date":"2025-11-14T00:20:20","date_gmt":"2025-11-13T23:20:20","guid":{"rendered":"https:\/\/readymade.se\/core\/?post_type=product&#038;p=89210"},"modified":"2026-02-12T16:22:50","modified_gmt":"2026-02-12T15:22:50","slug":"odlingslada-120x75-cm-i-flera-hojder","status":"publish","type":"product","link":"https:\/\/readymade.se\/lekplats\/produkt\/odlingslada-120x75-cm-i-flera-hojder\/","title":{"rendered":"Odlingsl\u00e5da 120&#215;75 cm i flera h\u00f6jder"},"content":{"rendered":"<p data-start=\"0\" data-end=\"76\"><strong data-start=\"0\" data-end=\"74\">Odlingsl\u00e5dor i cortenst\u00e5l \u2013 h\u00e5llbara pallkragar f\u00f6r snygg odlingsmilj\u00f6<\/strong><\/p>\n<p data-start=\"78\" data-end=\"348\">H\u00e5llbara odlingsl\u00e5dor i <strong data-start=\"102\" data-end=\"121\">pallkrageformat<\/strong>, perfekta f\u00f6r skolor, f\u00f6rskolor, innerg\u00e5rdar, parker och hemmatr\u00e4dg\u00e5rdar. Varje l\u00e5da m\u00e4ter <strong data-start=\"213\" data-end=\"228\">120 \u00d7 75 cm<\/strong> och finns i <strong data-start=\"241\" data-end=\"262\">fyra olika h\u00f6jder<\/strong>: 20, 40, 60 och 80 cm \u2013 l\u00e4tt att anpassa efter v\u00e4xtlighet, tillg\u00e4nglighet och design.<\/p>\n<p data-start=\"350\" data-end=\"739\">Du kan v\u00e4lja mellan <strong data-start=\"370\" data-end=\"395\">bockad eller rak kant<\/strong>, beroende p\u00e5 vilket uttryck du vill ha. L\u00e5dorna \u00e4r tillverkade i <strong data-start=\"461\" data-end=\"487\">3 mm tjockt cortenst\u00e5l<\/strong>, ett material som \u00e4r b\u00e5de robust och n\u00e4stintill underh\u00e5llsfritt. N\u00e4r odlingsl\u00e5dorna st\u00e5tt ute i regn f\u00e5r de snabbt en vacker, rostbrun patina som bara blir finare med tiden. Vill ni p\u00e5skynda rostprocessen kan ni enkelt spraya ytan med lite saltvatten.<\/p>\n<p data-start=\"741\" data-end=\"861\">Priserna b\u00f6rjar fr\u00e5n <strong data-start=\"762\" data-end=\"785\">1 050 kr exkl. moms<\/strong>, vilket g\u00f6r det enkelt att bygga upp b\u00e5de mindre och st\u00f6rre odlingsmilj\u00f6er.<\/p>\n<h3 data-start=\"863\" data-end=\"890\">Egenskaper och f\u00f6rdelar<\/h3>\n<ul data-start=\"892\" data-end=\"1332\" data-is-last-node=\"\" data-is-only-node=\"\">\n<li data-start=\"892\" data-end=\"943\">\n<p data-start=\"894\" data-end=\"943\">Odlingsl\u00e5dor i <strong data-start=\"909\" data-end=\"928\">pallkrageformat<\/strong>, 120 \u00d7 75 cm<\/p>\n<\/li>\n<li data-start=\"944\" data-end=\"990\">\n<p data-start=\"946\" data-end=\"990\">Finns i <strong data-start=\"954\" data-end=\"966\">4 h\u00f6jder<\/strong>: 20, 40, 60 och 80 cm<\/p>\n<\/li>\n<li data-start=\"991\" data-end=\"1032\">\n<p data-start=\"993\" data-end=\"1032\">V\u00e4lj mellan <strong data-start=\"1005\" data-end=\"1030\">bockad eller rak kant<\/strong><\/p>\n<\/li>\n<li data-start=\"1033\" data-end=\"1094\">\n<p data-start=\"1035\" data-end=\"1094\">Tillverkade i <strong data-start=\"1049\" data-end=\"1068\">3 mm cortenst\u00e5l<\/strong> \u2013 stabilt och l\u00e5nglivat<\/p>\n<\/li>\n<li data-start=\"1095\" data-end=\"1150\">\n<p data-start=\"1097\" data-end=\"1150\">Utvecklar snabbt en <strong data-start=\"1117\" data-end=\"1140\">vacker rostbrun yta<\/strong> utomhus<\/p>\n<\/li>\n<li data-start=\"1151\" data-end=\"1201\">\n<p data-start=\"1153\" data-end=\"1201\">Rostprocessen kan <strong data-start=\"1171\" data-end=\"1199\">p\u00e5skyndas med saltvatten<\/strong><\/p>\n<\/li>\n<li data-start=\"1202\" data-end=\"1292\">\n<p data-start=\"1204\" data-end=\"1292\">Passar f\u00f6r <strong data-start=\"1215\" data-end=\"1290\">odling, skoltr\u00e4dg\u00e5rdar, pedagogiska milj\u00f6er och offentliga planteringar<\/strong><\/p>\n<\/li>\n<li data-start=\"1293\" data-end=\"1332\" data-is-last-node=\"\">\n<p data-start=\"1295\" data-end=\"1332\" data-is-last-node=\"\"><strong data-start=\"1295\" data-end=\"1330\">Priser fr\u00e5n 1 050 kr exkl. moms<\/strong><\/p>\n<\/li>\n<\/ul>\n","protected":false},"excerpt":{"rendered":"<p>Odlingsl\u00e5dor i cortenst\u00e5l \u2013 h\u00e5llbara pallkragar f\u00f6r snygg odlingsmilj\u00f6 H\u00e5llbara odlingsl\u00e5dor i pallkrageformat, perfekta f\u00f6r skolor, f\u00f6rskolor, innerg\u00e5rdar, parker och [&hellip;]<\/p>\n","protected":false},"featured_media":119146,"template":"","meta":{"site-sidebar-layout":"default","site-content-layout":"","ast-site-content-layout":"default","site-content-style":"default","site-sidebar-style":"default","ast-global-header-display":"","ast-banner-title-visibility":"","ast-main-header-display":"","ast-hfb-above-header-display":"","ast-hfb-below-header-display":"","ast-hfb-mobile-header-display":"","site-post-title":"","ast-breadcrumbs-content":"","ast-featured-img":"","footer-sml-layout":"","theme-transparent-header-meta":"default","adv-header-id-meta":"","stick-header-meta":"","header-above-stick-meta":"","header-main-stick-meta":"","header-below-stick-meta":"","astra-migrate-meta-layouts":"set","ast-page-background-enabled":"default","ast-page-background-meta":{"desktop":{"background-color":"var(--ast-global-color-5)","background-image":"","background-repeat":"repeat","background-position":"center center","background-size":"auto","background-attachment":"scroll","background-type":"","background-media":"","overlay-type":"","overlay-color":"","overlay-opacity":"","overlay-gradient":""},"tablet":{"background-color":"","background-image":"","background-repeat":"repeat","background-position":"center center","background-size":"auto","background-attachment":"scroll","background-type":"","background-media":"","overlay-type":"","overlay-color":"","overlay-opacity":"","overlay-gradient":""},"mobile":{"background-color":"","background-image":"","background-repeat":"repeat","background-position":"center center","background-size":"auto","background-attachment":"scroll","background-type":"","background-media":"","overlay-type":"","overlay-color":"","overlay-opacity":"","overlay-gradient":""}},"ast-content-background-meta":{"desktop":{"background-color":"var(--ast-global-color-4)","background-image":"","background-repeat":"repeat","background-position":"center center","background-size":"auto","background-attachment":"scroll","background-type":"","background-media":"","overlay-type":"","overlay-color":"","overlay-opacity":"","overlay-gradient":""},"tablet":{"background-color":"var(--ast-global-color-4)","background-image":"","background-repeat":"repeat","background-position":"center center","background-size":"auto","background-attachment":"scroll","background-type":"","background-media":"","overlay-type":"","overlay-color":"","overlay-opacity":"","overlay-gradient":""},"mobile":{"background-color":"var(--ast-global-color-4)","background-image":"","background-repeat":"repeat","background-position":"center center","background-size":"auto","background-attachment":"scroll","background-type":"","background-media":"","overlay-type":"","overlay-color":"","overlay-opacity":"","overlay-gradient":""}}},"product_brand":[],"product_cat":[419,413],"product_tag":[],"class_list":{"0":"post-89210","1":"product","2":"type-product","3":"status-publish","4":"has-post-thumbnail","6":"product_cat-parkutrustning","7":"product_cat-standardsortiment","8":"desktop-align-center","9":"tablet-align-left","10":"mobile-align-left","12":"first","13":"instock","14":"taxable","15":"shipping-taxable","16":"purchasable","17":"product-type-variable"},"_links":{"self":[{"href":"https:\/\/readymade.se\/lekplats\/wp-json\/wp\/v2\/product\/89210","targetHints":{"allow":["GET"]}}],"collection":[{"href":"https:\/\/readymade.se\/lekplats\/wp-json\/wp\/v2\/product"}],"about":[{"href":"https:\/\/readymade.se\/lekplats\/wp-json\/wp\/v2\/types\/product"}],"wp:featuredmedia":[{"embeddable":true,"href":"https:\/\/readymade.se\/lekplats\/wp-json\/wp\/v2\/media\/119146"}],"wp:attachment":[{"href":"https:\/\/readymade.se\/lekplats\/wp-json\/wp\/v2\/media?parent=89210"}],"wp:term":[{"taxonomy":"product_brand","embeddable":true,"href":"https:\/\/readymade.se\/lekplats\/wp-json\/wp\/v2\/product_brand?post=89210"},{"taxonomy":"product_cat","embeddable":true,"href":"https:\/\/readymade.se\/lekplats\/wp-json\/wp\/v2\/product_cat?post=89210"},{"taxonomy":"product_tag","embeddable":true,"href":"https:\/\/readymade.se\/lekplats\/wp-json\/wp\/v2\/product_tag?post=89210"}],"curies":[{"name":"wp","href":"https:\/\/api.w.org\/{rel}","templated":true}]}}