{"id":89106,"date":"2025-11-13T17:28:26","date_gmt":"2025-11-13T16:28:26","guid":{"rendered":"https:\/\/readymade.se\/core\/?post_type=product&#038;p=89106"},"modified":"2025-11-26T16:30:22","modified_gmt":"2025-11-26T15:30:22","slug":"nissi-sandladesarg-metervara","status":"publish","type":"product","link":"https:\/\/readymade.se\/lekplats\/produkt\/nissi-sandladesarg-metervara\/","title":{"rendered":"Nissi &#8211; sandl\u00e5desarg \/ metervara"},"content":{"rendered":"<h2 data-start=\"0\" data-end=\"34\">Sandl\u00e5desarg \u2013 pris per meter<\/h2>\n<p data-start=\"36\" data-end=\"287\">En h\u00e5llbar och praktisk <strong data-start=\"60\" data-end=\"76\">sandl\u00e5desarg<\/strong> som ramar in sandl\u00e5dan och skapar en tydlig, s\u00e4ker och inbjudande lekmilj\u00f6 f\u00f6r barn. Sargen levereras i <strong data-start=\"181\" data-end=\"213\">1-, 2- eller 3-metersl\u00e4ngder<\/strong>, vilket g\u00f6r det enkelt att anpassa den efter sandl\u00e5dans form och storlek.<\/p>\n<p data-start=\"289\" data-end=\"568\">Sandl\u00e5dor \u00e4r en viktig del av barns lek \u2013 h\u00e4r tr\u00e4nas <strong data-start=\"342\" data-end=\"404\">finmotorik, fantasi, social interaktion och probleml\u00f6sning<\/strong> n\u00e4r barn gr\u00e4ver, bygger och skapar tillsammans. En stabil sarg bidrar till att h\u00e5lla sanden p\u00e5 plats och ger samtidigt barnen en naturlig sittkant runt lekomr\u00e5det.<\/p>\n<p data-start=\"570\" data-end=\"618\">Sandl\u00e5desargen finns i tv\u00e5 materialalternativ:<\/p>\n<ul data-start=\"619\" data-end=\"788\">\n<li data-start=\"619\" data-end=\"702\">\n<p data-start=\"621\" data-end=\"702\"><strong data-start=\"621\" data-end=\"648\">Laserad norrl\u00e4ndsk furu<\/strong> \u2013 klassiskt, naturligt och harmoniskt i utemilj\u00f6er.<\/p>\n<\/li>\n<li data-start=\"703\" data-end=\"788\">\n<p data-start=\"705\" data-end=\"788\"><strong data-start=\"705\" data-end=\"722\">PE (polyeten)<\/strong> \u2013 ett slitstarkt, underh\u00e5llsfritt och v\u00e4derbest\u00e4ndigt alternativ.<\/p>\n<\/li>\n<\/ul>\n<h3 data-start=\"790\" data-end=\"802\">F\u00f6rdelar<\/h3>\n<ul data-start=\"804\" data-end=\"1185\">\n<li data-start=\"804\" data-end=\"873\">\n<p data-start=\"806\" data-end=\"873\"><strong data-start=\"806\" data-end=\"824\">Pris per meter<\/strong> \u2013 flexibel anpassning till alla sandl\u00e5deformer<\/p>\n<\/li>\n<li data-start=\"874\" data-end=\"920\">\n<p data-start=\"876\" data-end=\"920\">Levereras i <strong data-start=\"888\" data-end=\"918\">1 m, 2 m eller 3 m l\u00e4ngder<\/strong><\/p>\n<\/li>\n<li data-start=\"921\" data-end=\"962\">\n<p data-start=\"923\" data-end=\"962\">Finns i <strong data-start=\"931\" data-end=\"947\">laserad furu<\/strong> eller <strong data-start=\"954\" data-end=\"960\">PE<\/strong><\/p>\n<\/li>\n<li data-start=\"963\" data-end=\"1009\">\n<p data-start=\"965\" data-end=\"1009\">Hj\u00e4lper till att <strong data-start=\"982\" data-end=\"1007\">h\u00e5lla sanden p\u00e5 plats<\/strong><\/p>\n<\/li>\n<li data-start=\"1010\" data-end=\"1061\">\n<p data-start=\"1012\" data-end=\"1061\">Ger en <strong data-start=\"1019\" data-end=\"1040\">naturlig sittkant<\/strong> f\u00f6r barn och vuxna<\/p>\n<\/li>\n<li data-start=\"1062\" data-end=\"1109\">\n<p data-start=\"1064\" data-end=\"1109\">V\u00e4derbest\u00e4ndiga material f\u00f6r l\u00e5ng livsl\u00e4ngd<\/p>\n<\/li>\n<li data-start=\"1110\" data-end=\"1185\">\n<p data-start=\"1112\" data-end=\"1185\">Fr\u00e4mjar lek som tr\u00e4nar <strong data-start=\"1135\" data-end=\"1183\">motorik, kreativitet och sociala f\u00e4rdigheter<\/strong><\/p>\n<\/li>\n<\/ul>\n","protected":false},"excerpt":{"rendered":"<p>Sandl\u00e5desarg \u2013 pris per meter En h\u00e5llbar och praktisk sandl\u00e5desarg som ramar in sandl\u00e5dan och skapar en tydlig, s\u00e4ker och [&hellip;]<\/p>\n","protected":false},"featured_media":89475,"template":"","meta":{"site-sidebar-layout":"default","site-content-layout":"","ast-site-content-layout":"default","site-content-style":"default","site-sidebar-style":"default","ast-global-header-display":"","ast-banner-title-visibility":"","ast-main-header-display":"","ast-hfb-above-header-display":"","ast-hfb-below-header-display":"","ast-hfb-mobile-header-display":"","site-post-title":"","ast-breadcrumbs-content":"","ast-featured-img":"","footer-sml-layout":"","theme-transparent-header-meta":"default","adv-header-id-meta":"","stick-header-meta":"","header-above-stick-meta":"","header-main-stick-meta":"","header-below-stick-meta":"","astra-migrate-meta-layouts":"set","ast-page-background-enabled":"default","ast-page-background-meta":{"desktop":{"background-color":"var(--ast-global-color-5)","background-image":"","background-repeat":"repeat","background-position":"center center","background-size":"auto","background-attachment":"scroll","background-type":"","background-media":"","overlay-type":"","overlay-color":"","overlay-opacity":"","overlay-gradient":""},"tablet":{"background-color":"","background-image":"","background-repeat":"repeat","background-position":"center center","background-size":"auto","background-attachment":"scroll","background-type":"","background-media":"","overlay-type":"","overlay-color":"","overlay-opacity":"","overlay-gradient":""},"mobile":{"background-color":"","background-image":"","background-repeat":"repeat","background-position":"center center","background-size":"auto","background-attachment":"scroll","background-type":"","background-media":"","overlay-type":"","overlay-color":"","overlay-opacity":"","overlay-gradient":""}},"ast-content-background-meta":{"desktop":{"background-color":"var(--ast-global-color-4)","background-image":"","background-repeat":"repeat","background-position":"center center","background-size":"auto","background-attachment":"scroll","background-type":"","background-media":"","overlay-type":"","overlay-color":"","overlay-opacity":"","overlay-gradient":""},"tablet":{"background-color":"var(--ast-global-color-4)","background-image":"","background-repeat":"repeat","background-position":"center center","background-size":"auto","background-attachment":"scroll","background-type":"","background-media":"","overlay-type":"","overlay-color":"","overlay-opacity":"","overlay-gradient":""},"mobile":{"background-color":"var(--ast-global-color-4)","background-image":"","background-repeat":"repeat","background-position":"center center","background-size":"auto","background-attachment":"scroll","background-type":"","background-media":"","overlay-type":"","overlay-color":"","overlay-opacity":"","overlay-gradient":""}}},"product_brand":[],"product_cat":[418,413],"product_tag":[],"class_list":{"0":"post-89106","1":"product","2":"type-product","3":"status-publish","4":"has-post-thumbnail","6":"product_cat-lekplatsutrustning","7":"product_cat-standardsortiment","8":"desktop-align-center","9":"tablet-align-left","10":"mobile-align-left","12":"first","13":"instock","14":"taxable","15":"shipping-taxable","16":"purchasable","17":"product-type-variable","18":"has-default-attributes"},"_links":{"self":[{"href":"https:\/\/readymade.se\/lekplats\/wp-json\/wp\/v2\/product\/89106","targetHints":{"allow":["GET"]}}],"collection":[{"href":"https:\/\/readymade.se\/lekplats\/wp-json\/wp\/v2\/product"}],"about":[{"href":"https:\/\/readymade.se\/lekplats\/wp-json\/wp\/v2\/types\/product"}],"wp:featuredmedia":[{"embeddable":true,"href":"https:\/\/readymade.se\/lekplats\/wp-json\/wp\/v2\/media\/89475"}],"wp:attachment":[{"href":"https:\/\/readymade.se\/lekplats\/wp-json\/wp\/v2\/media?parent=89106"}],"wp:term":[{"taxonomy":"product_brand","embeddable":true,"href":"https:\/\/readymade.se\/lekplats\/wp-json\/wp\/v2\/product_brand?post=89106"},{"taxonomy":"product_cat","embeddable":true,"href":"https:\/\/readymade.se\/lekplats\/wp-json\/wp\/v2\/product_cat?post=89106"},{"taxonomy":"product_tag","embeddable":true,"href":"https:\/\/readymade.se\/lekplats\/wp-json\/wp\/v2\/product_tag?post=89106"}],"curies":[{"name":"wp","href":"https:\/\/api.w.org\/{rel}","templated":true}]}}