{"id":77076,"date":"2025-11-12T21:15:57","date_gmt":"2025-11-12T20:15:57","guid":{"rendered":"https:\/\/readymade.se\/core\/produkt\/ben\/"},"modified":"2026-02-28T18:09:44","modified_gmt":"2026-02-28T17:09:44","slug":"ben","status":"publish","type":"product","link":"https:\/\/readymade.se\/lekplats\/produkt\/ben\/","title":{"rendered":"Ben"},"content":{"rendered":"<p>En liten lekstuga med lekpanel Ben \u00e4r en av de fyra lekstugor i Basic-serien. Denna modell har en triangul\u00e4r design med delvis \u00f6ppna sidor, varav en \u00e4r utrustad med en lekpanel. Vill du ha en mer traditionell och fyrkantig design? Ta d\u00e5 en titt p\u00e5 v\u00e5r LB089 Beth lekstuga. Lekpanelen bjuder in till rollspel som shopkeeper, d\u00e4r lerpajer kan s\u00e4ljas \u00f6ver disk. Men panelen har ocks\u00e5 en r\u00f6rlig del i form av en kulram. Detta kan anv\u00e4ndas som en del av spelet, samtidigt som det tr\u00e4nar barns siffror och finmotorik. Finmotoriken \u00e4r extra viktig att stimulera f\u00f6r att barn ska kunna g\u00f6ra sm\u00e5 exakta r\u00f6relser med till exempel h\u00e4nderna. Om de f\u00f6rb\u00e4ttrar detta s\u00e5 blir det mycket l\u00e4ttare att h\u00e5lla i och styra verktyg som en penna, vilket \u00e4r en f\u00f6rdel n\u00e4r de ska l\u00e4ra sig skriva. Lekhusen \u00e4r gjorda i en optimerad design som ger barnen stort lekv\u00e4rde och samtidigt har ett minimalt ytbehov. Detta g\u00f6r lekhusen l\u00e4tta att integrera i sm\u00e5 utomhusutrymmen, precis som de l\u00e4tt passar in i en lekplats med stora lekst\u00e4llning. Dessutom \u00e4r priserna mycket konkurrenskraftiga, eftersom f\u00e4rre material anv\u00e4nds. Varf\u00f6r v\u00e4lja LEDON basic? Alla de grundl\u00e4ggande elementen du beh\u00f6ver f\u00f6r en l\u00e5gkvalitativ lekplats till l\u00e5ga priser. Kompakta torn, som kr\u00e4ver lite utrymme. Systemen finns i en m\u00e4ngd olika varianter f\u00f6r att m\u00f6ta alla behov. Att tillhandah\u00e5lla grundl\u00e4ggande motoriska utmaningar \u00e4r av st\u00f6rsta vikt \u2013 det \u00e4r ocks\u00e5 en lekplats f\u00f6r \u00e4ldre barn. Kan enkelt integreras i b\u00e5de befintliga lekmilj\u00f6er eller kombineras med v\u00e5ra andra temav\u00e4rldar.<\/p>\n","protected":false},"excerpt":{"rendered":"<p>En liten lekstuga med lekpanel Ben \u00e4r en av de fyra lekstugor i Basic-serien. Denna modell har en triangul\u00e4r design med delvis \u00f6ppna sidor, varav en \u00e4r utrustad<\/p>\n","protected":false},"featured_media":125345,"template":"","meta":{"site-sidebar-layout":"","site-content-layout":"","ast-site-content-layout":"","site-content-style":"","site-sidebar-style":"","ast-global-header-display":"","ast-banner-title-visibility":"","ast-main-header-display":"","ast-hfb-above-header-display":"","ast-hfb-below-header-display":"","ast-hfb-mobile-header-display":"","site-post-title":"","ast-breadcrumbs-content":"","ast-featured-img":"","footer-sml-layout":"","theme-transparent-header-meta":"","adv-header-id-meta":"","stick-header-meta":"","header-above-stick-meta":"","header-main-stick-meta":"","header-below-stick-meta":"","astra-migrate-meta-layouts":"","ast-page-background-enabled":"default","ast-page-background-meta":{"desktop":{"background-color":"var(--ast-global-color-5)","background-image":"","background-repeat":"repeat","background-position":"center center","background-size":"auto","background-attachment":"scroll","background-type":"","background-media":"","overlay-type":"","overlay-color":"","overlay-opacity":"","overlay-gradient":""},"tablet":{"background-color":"","background-image":"","background-repeat":"repeat","background-position":"center center","background-size":"auto","background-attachment":"scroll","background-type":"","background-media":"","overlay-type":"","overlay-color":"","overlay-opacity":"","overlay-gradient":""},"mobile":{"background-color":"","background-image":"","background-repeat":"repeat","background-position":"center center","background-size":"auto","background-attachment":"scroll","background-type":"","background-media":"","overlay-type":"","overlay-color":"","overlay-opacity":"","overlay-gradient":""}},"ast-content-background-meta":{"desktop":{"background-color":"var(--ast-global-color-4)","background-image":"","background-repeat":"repeat","background-position":"center center","background-size":"auto","background-attachment":"scroll","background-type":"","background-media":"","overlay-type":"","overlay-color":"","overlay-opacity":"","overlay-gradient":""},"tablet":{"background-color":"var(--ast-global-color-4)","background-image":"","background-repeat":"repeat","background-position":"center center","background-size":"auto","background-attachment":"scroll","background-type":"","background-media":"","overlay-type":"","overlay-color":"","overlay-opacity":"","overlay-gradient":""},"mobile":{"background-color":"var(--ast-global-color-4)","background-image":"","background-repeat":"repeat","background-position":"center center","background-size":"auto","background-attachment":"scroll","background-type":"","background-media":"","overlay-type":"","overlay-color":"","overlay-opacity":"","overlay-gradient":""}}},"product_brand":[526],"product_cat":[148,370],"product_tag":[],"class_list":{"0":"post-77076","1":"product","2":"type-product","3":"status-publish","4":"has-post-thumbnail","6":"product_brand-ledon","7":"product_cat-lekhus","8":"product_cat-produktserier","9":"desktop-align-center","10":"tablet-align-left","11":"mobile-align-left","13":"first","14":"instock","15":"taxable","16":"shipping-taxable","17":"purchasable","18":"product-type-simple"},"_links":{"self":[{"href":"https:\/\/readymade.se\/lekplats\/wp-json\/wp\/v2\/product\/77076","targetHints":{"allow":["GET"]}}],"collection":[{"href":"https:\/\/readymade.se\/lekplats\/wp-json\/wp\/v2\/product"}],"about":[{"href":"https:\/\/readymade.se\/lekplats\/wp-json\/wp\/v2\/types\/product"}],"wp:featuredmedia":[{"embeddable":true,"href":"https:\/\/readymade.se\/lekplats\/wp-json\/wp\/v2\/media\/125345"}],"wp:attachment":[{"href":"https:\/\/readymade.se\/lekplats\/wp-json\/wp\/v2\/media?parent=77076"}],"wp:term":[{"taxonomy":"product_brand","embeddable":true,"href":"https:\/\/readymade.se\/lekplats\/wp-json\/wp\/v2\/product_brand?post=77076"},{"taxonomy":"product_cat","embeddable":true,"href":"https:\/\/readymade.se\/lekplats\/wp-json\/wp\/v2\/product_cat?post=77076"},{"taxonomy":"product_tag","embeddable":true,"href":"https:\/\/readymade.se\/lekplats\/wp-json\/wp\/v2\/product_tag?post=77076"}],"curies":[{"name":"wp","href":"https:\/\/api.w.org\/{rel}","templated":true}]}}