{"id":76919,"date":"2025-11-12T21:09:34","date_gmt":"2025-11-12T20:09:34","guid":{"rendered":"https:\/\/readymade.se\/core\/produkt\/manco-klattringssystem\/"},"modified":"2026-02-28T15:33:45","modified_gmt":"2026-02-28T14:33:45","slug":"manco-klattringssystem","status":"publish","type":"product","link":"https:\/\/readymade.se\/lekplats\/produkt\/manco-klattringssystem\/","title":{"rendered":"Manco kl\u00e4ttringssystem"},"content":{"rendered":"<p>Manco \u00e4r det st\u00f6rsta kl\u00e4ttringssystemet i Explore-universumet och erbjuder dubbla kl\u00e4tterm\u00f6jligheter. Systemet \u00e4r utformat f\u00f6r att utmana barnens styrka, balans och koordination genom varierade kl\u00e4tterv\u00e4gar. Lek p\u00e5 kl\u00e4ttern\u00e4t tr\u00e4nar korsr\u00f6relser mellan armar och ben, vilket st\u00e4rker hj\u00e4rnans samarbete. Kl\u00e4ttern\u00e4ten \u00e4r tillverkade av Taifun-rep med st\u00e5lk\u00e4rna och har en brotth\u00e5llfasthet p\u00e5 4 500 kg. Explore-universumet erbjuder h\u00e5llbara lekredskap i naturliga f\u00e4rger f\u00f6r lekplatser i alla storlekar.<\/p>\n","protected":false},"excerpt":{"rendered":"<p>Stort dubbelt kl\u00e4ttringssystem f\u00f6r omfattande och kr\u00e4vande kl\u00e4tterlek. Passar st\u00f6rre lekplatser med m\u00e5nga barn.<\/p>\n","protected":false},"featured_media":124110,"template":"","meta":{"site-sidebar-layout":"","site-content-layout":"","ast-site-content-layout":"","site-content-style":"","site-sidebar-style":"","ast-global-header-display":"","ast-banner-title-visibility":"","ast-main-header-display":"","ast-hfb-above-header-display":"","ast-hfb-below-header-display":"","ast-hfb-mobile-header-display":"","site-post-title":"","ast-breadcrumbs-content":"","ast-featured-img":"","footer-sml-layout":"","theme-transparent-header-meta":"","adv-header-id-meta":"","stick-header-meta":"","header-above-stick-meta":"","header-main-stick-meta":"","header-below-stick-meta":"","astra-migrate-meta-layouts":"","ast-page-background-enabled":"default","ast-page-background-meta":{"desktop":{"background-color":"var(--ast-global-color-5)","background-image":"","background-repeat":"repeat","background-position":"center center","background-size":"auto","background-attachment":"scroll","background-type":"","background-media":"","overlay-type":"","overlay-color":"","overlay-opacity":"","overlay-gradient":""},"tablet":{"background-color":"","background-image":"","background-repeat":"repeat","background-position":"center center","background-size":"auto","background-attachment":"scroll","background-type":"","background-media":"","overlay-type":"","overlay-color":"","overlay-opacity":"","overlay-gradient":""},"mobile":{"background-color":"","background-image":"","background-repeat":"repeat","background-position":"center center","background-size":"auto","background-attachment":"scroll","background-type":"","background-media":"","overlay-type":"","overlay-color":"","overlay-opacity":"","overlay-gradient":""}},"ast-content-background-meta":{"desktop":{"background-color":"var(--ast-global-color-4)","background-image":"","background-repeat":"repeat","background-position":"center center","background-size":"auto","background-attachment":"scroll","background-type":"","background-media":"","overlay-type":"","overlay-color":"","overlay-opacity":"","overlay-gradient":""},"tablet":{"background-color":"var(--ast-global-color-4)","background-image":"","background-repeat":"repeat","background-position":"center center","background-size":"auto","background-attachment":"scroll","background-type":"","background-media":"","overlay-type":"","overlay-color":"","overlay-opacity":"","overlay-gradient":""},"mobile":{"background-color":"var(--ast-global-color-4)","background-image":"","background-repeat":"repeat","background-position":"center center","background-size":"auto","background-attachment":"scroll","background-type":"","background-media":"","overlay-type":"","overlay-color":"","overlay-opacity":"","overlay-gradient":""}}},"product_brand":[526],"product_cat":[387,53],"product_tag":[425],"class_list":{"0":"post-76919","1":"product","2":"type-product","3":"status-publish","4":"has-post-thumbnail","6":"product_brand-ledon","7":"product_cat-explore","8":"product_cat-klatterstallningar","9":"product_tag-fynd","10":"desktop-align-center","11":"tablet-align-left","12":"mobile-align-left","14":"first","15":"instock","16":"taxable","17":"shipping-taxable","18":"purchasable","19":"product-type-simple"},"_links":{"self":[{"href":"https:\/\/readymade.se\/lekplats\/wp-json\/wp\/v2\/product\/76919","targetHints":{"allow":["GET"]}}],"collection":[{"href":"https:\/\/readymade.se\/lekplats\/wp-json\/wp\/v2\/product"}],"about":[{"href":"https:\/\/readymade.se\/lekplats\/wp-json\/wp\/v2\/types\/product"}],"wp:featuredmedia":[{"embeddable":true,"href":"https:\/\/readymade.se\/lekplats\/wp-json\/wp\/v2\/media\/124110"}],"wp:attachment":[{"href":"https:\/\/readymade.se\/lekplats\/wp-json\/wp\/v2\/media?parent=76919"}],"wp:term":[{"taxonomy":"product_brand","embeddable":true,"href":"https:\/\/readymade.se\/lekplats\/wp-json\/wp\/v2\/product_brand?post=76919"},{"taxonomy":"product_cat","embeddable":true,"href":"https:\/\/readymade.se\/lekplats\/wp-json\/wp\/v2\/product_cat?post=76919"},{"taxonomy":"product_tag","embeddable":true,"href":"https:\/\/readymade.se\/lekplats\/wp-json\/wp\/v2\/product_tag?post=76919"}],"curies":[{"name":"wp","href":"https:\/\/api.w.org\/{rel}","templated":true}]}}