{"id":76886,"date":"2025-12-04T16:59:42","date_gmt":"2025-12-04T15:59:42","guid":{"rendered":"https:\/\/readymade.se\/core\/produkt\/antiklattringspanel\/"},"modified":"2026-02-28T18:08:49","modified_gmt":"2026-02-28T17:08:49","slug":"antiklattringspanel","status":"publish","type":"product","link":"https:\/\/readymade.se\/lekplats\/produkt\/antiklattringspanel\/","title":{"rendered":"Antikl\u00e4ttringspanel"},"content":{"rendered":"<p>Antikl\u00e4ttringspanel Olika tillbeh\u00f6r finns tillg\u00e4ngliga f\u00f6r tunnelrutschkanorna f\u00f6r att s\u00e4kerst\u00e4lla s\u00e4kra och smidiga glidupplevelser. Antikl\u00e4ttringspanelen \u00e4r t\u00e4nkt att f\u00f6rhindra att nyfikna kl\u00e4ttrare b\u00f6rjar kl\u00e4ttra upp p\u00e5 utsidan av rutschkanan. De l\u00e5nga Tunnelrutschkanorna utan n\u00e5gra \u00f6glor brukar vara s\u00e4rskilt lockande f\u00f6r barn. Antikl\u00e4ttringspanelen sitter runt utg\u00e5ngen och signalerar till barn att de inte f\u00e5r kl\u00e4ttra upp p\u00e5 utsidan av rutschkanan. Och \u00e4ven om de g\u00f6r det, hindrar antikl\u00e4ttringspanelen dem fr\u00e5n att kl\u00e4ttra f\u00f6r h\u00f6gt upp.<\/p>\n","protected":false},"excerpt":{"rendered":"<p>Antikl\u00e4ttringspanel Olika tillbeh\u00f6r finns tillg\u00e4ngliga f\u00f6r tunnelrutschkanorna f\u00f6r att s\u00e4kerst\u00e4lla s\u00e4kra och smidiga glidupplevelser. Antikl\u00e4ttringspanelen \u00e4r avsedd att f\u00f6rhindra nyfikna kl\u00e4ttrare<\/p>\n","protected":false},"featured_media":125298,"template":"","meta":{"site-sidebar-layout":"","site-content-layout":"","ast-site-content-layout":"","site-content-style":"","site-sidebar-style":"","ast-global-header-display":"","ast-banner-title-visibility":"","ast-main-header-display":"","ast-hfb-above-header-display":"","ast-hfb-below-header-display":"","ast-hfb-mobile-header-display":"","site-post-title":"","ast-breadcrumbs-content":"","ast-featured-img":"","footer-sml-layout":"","theme-transparent-header-meta":"","adv-header-id-meta":"","stick-header-meta":"","header-above-stick-meta":"","header-main-stick-meta":"","header-below-stick-meta":"","astra-migrate-meta-layouts":"","ast-page-background-enabled":"default","ast-page-background-meta":{"desktop":{"background-color":"var(--ast-global-color-5)","background-image":"","background-repeat":"repeat","background-position":"center center","background-size":"auto","background-attachment":"scroll","background-type":"","background-media":"","overlay-type":"","overlay-color":"","overlay-opacity":"","overlay-gradient":""},"tablet":{"background-color":"","background-image":"","background-repeat":"repeat","background-position":"center center","background-size":"auto","background-attachment":"scroll","background-type":"","background-media":"","overlay-type":"","overlay-color":"","overlay-opacity":"","overlay-gradient":""},"mobile":{"background-color":"","background-image":"","background-repeat":"repeat","background-position":"center center","background-size":"auto","background-attachment":"scroll","background-type":"","background-media":"","overlay-type":"","overlay-color":"","overlay-opacity":"","overlay-gradient":""}},"ast-content-background-meta":{"desktop":{"background-color":"var(--ast-global-color-4)","background-image":"","background-repeat":"repeat","background-position":"center center","background-size":"auto","background-attachment":"scroll","background-type":"","background-media":"","overlay-type":"","overlay-color":"","overlay-opacity":"","overlay-gradient":""},"tablet":{"background-color":"var(--ast-global-color-4)","background-image":"","background-repeat":"repeat","background-position":"center center","background-size":"auto","background-attachment":"scroll","background-type":"","background-media":"","overlay-type":"","overlay-color":"","overlay-opacity":"","overlay-gradient":""},"mobile":{"background-color":"var(--ast-global-color-4)","background-image":"","background-repeat":"repeat","background-position":"center center","background-size":"auto","background-attachment":"scroll","background-type":"","background-media":"","overlay-type":"","overlay-color":"","overlay-opacity":"","overlay-gradient":""}}},"product_brand":[525],"product_cat":[560],"product_tag":[],"class_list":{"0":"post-76886","1":"product","2":"type-product","3":"status-publish","4":"has-post-thumbnail","6":"product_brand-inter-play","7":"product_cat-reservdelar-rutschkanor","8":"desktop-align-center","9":"tablet-align-left","10":"mobile-align-left","12":"first","13":"instock","14":"taxable","15":"shipping-taxable","16":"purchasable","17":"product-type-simple"},"_links":{"self":[{"href":"https:\/\/readymade.se\/lekplats\/wp-json\/wp\/v2\/product\/76886","targetHints":{"allow":["GET"]}}],"collection":[{"href":"https:\/\/readymade.se\/lekplats\/wp-json\/wp\/v2\/product"}],"about":[{"href":"https:\/\/readymade.se\/lekplats\/wp-json\/wp\/v2\/types\/product"}],"wp:featuredmedia":[{"embeddable":true,"href":"https:\/\/readymade.se\/lekplats\/wp-json\/wp\/v2\/media\/125298"}],"wp:attachment":[{"href":"https:\/\/readymade.se\/lekplats\/wp-json\/wp\/v2\/media?parent=76886"}],"wp:term":[{"taxonomy":"product_brand","embeddable":true,"href":"https:\/\/readymade.se\/lekplats\/wp-json\/wp\/v2\/product_brand?post=76886"},{"taxonomy":"product_cat","embeddable":true,"href":"https:\/\/readymade.se\/lekplats\/wp-json\/wp\/v2\/product_cat?post=76886"},{"taxonomy":"product_tag","embeddable":true,"href":"https:\/\/readymade.se\/lekplats\/wp-json\/wp\/v2\/product_tag?post=76886"}],"curies":[{"name":"wp","href":"https:\/\/api.w.org\/{rel}","templated":true}]}}