{"id":76861,"date":"2025-11-12T21:05:34","date_gmt":"2025-11-12T20:05:34","guid":{"rendered":"https:\/\/readymade.se\/core\/produkt\/birdnest-trad\/"},"modified":"2026-02-28T15:34:04","modified_gmt":"2026-02-28T14:34:04","slug":"birdnest-trad","status":"publish","type":"product","link":"https:\/\/readymade.se\/lekplats\/produkt\/birdnest-trad\/","title":{"rendered":"Birdnest-tr\u00e4d"},"content":{"rendered":"<p>Birdnest-tr\u00e4det \u00e4r ett imponerande kl\u00e4ttersystem som lockar b\u00e5de yngre och \u00e4ldre barn. Fyra f\u00e5gelbon \u00e4r placerade p\u00e5 olika h\u00f6jder och skapar m\u00e5nga m\u00f6jligheter till lek, vila och samspel. Maximal kl\u00e4tterh\u00f6jd \u00e4r 280 cm. Kl\u00e4ttersystemet erbjuder utmaningar p\u00e5 flera niv\u00e5er och st\u00f6djer utveckling av balans, koordination och motorik. Barnen anv\u00e4nder hela kroppen n\u00e4r de kl\u00e4ttrar och balanserar, vilket st\u00e4rker samspelet mellan h\u00f6ger och v\u00e4nster sida av hj\u00e4rnan \u2013 en viktig del i barns utveckling inf\u00f6r l\u00e4sning och skrivning. Vill du se fler kl\u00e4ttern\u00e4t med f\u00e5gelbon kan du \u00e4ven titta p\u00e5 Fortuna, Khefren och Chavi.<\/p>\n","protected":false},"excerpt":{"rendered":"<p>Stort kl\u00e4ttersystem med flera f\u00e5gelbon p\u00e5 olika h\u00f6jder. Utmanar barns motorik, balans och koordination och passar b\u00e5de yngre och \u00e4ldre barn.<\/p>\n","protected":false},"featured_media":124121,"template":"","meta":{"site-sidebar-layout":"","site-content-layout":"","ast-site-content-layout":"","site-content-style":"","site-sidebar-style":"","ast-global-header-display":"","ast-banner-title-visibility":"","ast-main-header-display":"","ast-hfb-above-header-display":"","ast-hfb-below-header-display":"","ast-hfb-mobile-header-display":"","site-post-title":"","ast-breadcrumbs-content":"","ast-featured-img":"","footer-sml-layout":"","theme-transparent-header-meta":"","adv-header-id-meta":"","stick-header-meta":"","header-above-stick-meta":"","header-main-stick-meta":"","header-below-stick-meta":"","astra-migrate-meta-layouts":"","ast-page-background-enabled":"default","ast-page-background-meta":{"desktop":{"background-color":"var(--ast-global-color-5)","background-image":"","background-repeat":"repeat","background-position":"center center","background-size":"auto","background-attachment":"scroll","background-type":"","background-media":"","overlay-type":"","overlay-color":"","overlay-opacity":"","overlay-gradient":""},"tablet":{"background-color":"","background-image":"","background-repeat":"repeat","background-position":"center center","background-size":"auto","background-attachment":"scroll","background-type":"","background-media":"","overlay-type":"","overlay-color":"","overlay-opacity":"","overlay-gradient":""},"mobile":{"background-color":"","background-image":"","background-repeat":"repeat","background-position":"center center","background-size":"auto","background-attachment":"scroll","background-type":"","background-media":"","overlay-type":"","overlay-color":"","overlay-opacity":"","overlay-gradient":""}},"ast-content-background-meta":{"desktop":{"background-color":"var(--ast-global-color-4)","background-image":"","background-repeat":"repeat","background-position":"center center","background-size":"auto","background-attachment":"scroll","background-type":"","background-media":"","overlay-type":"","overlay-color":"","overlay-opacity":"","overlay-gradient":""},"tablet":{"background-color":"var(--ast-global-color-4)","background-image":"","background-repeat":"repeat","background-position":"center center","background-size":"auto","background-attachment":"scroll","background-type":"","background-media":"","overlay-type":"","overlay-color":"","overlay-opacity":"","overlay-gradient":""},"mobile":{"background-color":"var(--ast-global-color-4)","background-image":"","background-repeat":"repeat","background-position":"center center","background-size":"auto","background-attachment":"scroll","background-type":"","background-media":"","overlay-type":"","overlay-color":"","overlay-opacity":"","overlay-gradient":""}}},"product_brand":[526],"product_cat":[483,53],"product_tag":[],"class_list":{"0":"post-76861","1":"product","2":"type-product","3":"status-publish","4":"has-post-thumbnail","6":"product_brand-ledon","7":"product_cat-klatterpyramider","8":"product_cat-klatterstallningar","9":"desktop-align-center","10":"tablet-align-left","11":"mobile-align-left","13":"first","14":"instock","15":"taxable","16":"shipping-taxable","17":"purchasable","18":"product-type-simple"},"_links":{"self":[{"href":"https:\/\/readymade.se\/lekplats\/wp-json\/wp\/v2\/product\/76861","targetHints":{"allow":["GET"]}}],"collection":[{"href":"https:\/\/readymade.se\/lekplats\/wp-json\/wp\/v2\/product"}],"about":[{"href":"https:\/\/readymade.se\/lekplats\/wp-json\/wp\/v2\/types\/product"}],"wp:featuredmedia":[{"embeddable":true,"href":"https:\/\/readymade.se\/lekplats\/wp-json\/wp\/v2\/media\/124121"}],"wp:attachment":[{"href":"https:\/\/readymade.se\/lekplats\/wp-json\/wp\/v2\/media?parent=76861"}],"wp:term":[{"taxonomy":"product_brand","embeddable":true,"href":"https:\/\/readymade.se\/lekplats\/wp-json\/wp\/v2\/product_brand?post=76861"},{"taxonomy":"product_cat","embeddable":true,"href":"https:\/\/readymade.se\/lekplats\/wp-json\/wp\/v2\/product_cat?post=76861"},{"taxonomy":"product_tag","embeddable":true,"href":"https:\/\/readymade.se\/lekplats\/wp-json\/wp\/v2\/product_tag?post=76861"}],"curies":[{"name":"wp","href":"https:\/\/api.w.org\/{rel}","templated":true}]}}