{"id":76851,"date":"2025-11-12T21:05:08","date_gmt":"2025-11-12T20:05:08","guid":{"rendered":"https:\/\/readymade.se\/core\/produkt\/fortuna-klatternat\/"},"modified":"2026-02-28T15:34:20","modified_gmt":"2026-02-28T14:34:20","slug":"fortuna-klatternat","status":"publish","type":"product","link":"https:\/\/readymade.se\/lekplats\/produkt\/fortuna-klatternat\/","title":{"rendered":"Fortuna kl\u00e4ttern\u00e4t"},"content":{"rendered":"<p>Fortuna kl\u00e4ttern\u00e4t best\u00e5r av tre separata stolpar som binds samman av varierade kl\u00e4tteraktiviteter. Tv\u00e5 av stolparna \u00e4r utrustade med f\u00e5gelbon d\u00e4r barn kan samlas, vila och umg\u00e5s efter en intensiv kl\u00e4ttring. Vid kl\u00e4ttring aktiveras hela kroppen och barnen tr\u00e4nar grovmotorik, styrka och koordination. N\u00e4t, balanseringsbroar och repstegar kr\u00e4ver att barn anv\u00e4nder b\u00e5de armar och ben i samspel. F\u00e5gelbona fungerar som naturliga m\u00f6tesplatser som st\u00e4rker sociala f\u00e4rdigheter, samarbete och turtagning. Att kl\u00e4ttra tillsammans bidrar \u00e4ven till att bygga relationer och v\u00e4nskap. Vill du se fler kl\u00e4ttern\u00e4t med f\u00e5gelbon kan du \u00e4ven titta p\u00e5 Khefren, Birdnest-tr\u00e4det och Chavi.<\/p>\n","protected":false},"excerpt":{"rendered":"<p>Stort kl\u00e4ttern\u00e4t med f\u00e5gelbon som erbjuder utmanande kl\u00e4ttring, balanslek och social samvaro. Utvecklar grovmotorik, styrka och samarbete hos barn i olika \u00e5ldrar.<\/p>\n","protected":false},"featured_media":124123,"template":"","meta":{"site-sidebar-layout":"","site-content-layout":"","ast-site-content-layout":"","site-content-style":"","site-sidebar-style":"","ast-global-header-display":"","ast-banner-title-visibility":"","ast-main-header-display":"","ast-hfb-above-header-display":"","ast-hfb-below-header-display":"","ast-hfb-mobile-header-display":"","site-post-title":"","ast-breadcrumbs-content":"","ast-featured-img":"","footer-sml-layout":"","theme-transparent-header-meta":"","adv-header-id-meta":"","stick-header-meta":"","header-above-stick-meta":"","header-main-stick-meta":"","header-below-stick-meta":"","astra-migrate-meta-layouts":"","ast-page-background-enabled":"default","ast-page-background-meta":{"desktop":{"background-color":"var(--ast-global-color-5)","background-image":"","background-repeat":"repeat","background-position":"center center","background-size":"auto","background-attachment":"scroll","background-type":"","background-media":"","overlay-type":"","overlay-color":"","overlay-opacity":"","overlay-gradient":""},"tablet":{"background-color":"","background-image":"","background-repeat":"repeat","background-position":"center center","background-size":"auto","background-attachment":"scroll","background-type":"","background-media":"","overlay-type":"","overlay-color":"","overlay-opacity":"","overlay-gradient":""},"mobile":{"background-color":"","background-image":"","background-repeat":"repeat","background-position":"center center","background-size":"auto","background-attachment":"scroll","background-type":"","background-media":"","overlay-type":"","overlay-color":"","overlay-opacity":"","overlay-gradient":""}},"ast-content-background-meta":{"desktop":{"background-color":"var(--ast-global-color-4)","background-image":"","background-repeat":"repeat","background-position":"center center","background-size":"auto","background-attachment":"scroll","background-type":"","background-media":"","overlay-type":"","overlay-color":"","overlay-opacity":"","overlay-gradient":""},"tablet":{"background-color":"var(--ast-global-color-4)","background-image":"","background-repeat":"repeat","background-position":"center center","background-size":"auto","background-attachment":"scroll","background-type":"","background-media":"","overlay-type":"","overlay-color":"","overlay-opacity":"","overlay-gradient":""},"mobile":{"background-color":"var(--ast-global-color-4)","background-image":"","background-repeat":"repeat","background-position":"center center","background-size":"auto","background-attachment":"scroll","background-type":"","background-media":"","overlay-type":"","overlay-color":"","overlay-opacity":"","overlay-gradient":""}}},"product_brand":[526],"product_cat":[483,53],"product_tag":[],"class_list":{"0":"post-76851","1":"product","2":"type-product","3":"status-publish","4":"has-post-thumbnail","6":"product_brand-ledon","7":"product_cat-klatterpyramider","8":"product_cat-klatterstallningar","9":"desktop-align-center","10":"tablet-align-left","11":"mobile-align-left","13":"first","14":"instock","15":"taxable","16":"shipping-taxable","17":"purchasable","18":"product-type-simple"},"_links":{"self":[{"href":"https:\/\/readymade.se\/lekplats\/wp-json\/wp\/v2\/product\/76851","targetHints":{"allow":["GET"]}}],"collection":[{"href":"https:\/\/readymade.se\/lekplats\/wp-json\/wp\/v2\/product"}],"about":[{"href":"https:\/\/readymade.se\/lekplats\/wp-json\/wp\/v2\/types\/product"}],"wp:featuredmedia":[{"embeddable":true,"href":"https:\/\/readymade.se\/lekplats\/wp-json\/wp\/v2\/media\/124123"}],"wp:attachment":[{"href":"https:\/\/readymade.se\/lekplats\/wp-json\/wp\/v2\/media?parent=76851"}],"wp:term":[{"taxonomy":"product_brand","embeddable":true,"href":"https:\/\/readymade.se\/lekplats\/wp-json\/wp\/v2\/product_brand?post=76851"},{"taxonomy":"product_cat","embeddable":true,"href":"https:\/\/readymade.se\/lekplats\/wp-json\/wp\/v2\/product_cat?post=76851"},{"taxonomy":"product_tag","embeddable":true,"href":"https:\/\/readymade.se\/lekplats\/wp-json\/wp\/v2\/product_tag?post=76851"}],"curies":[{"name":"wp","href":"https:\/\/api.w.org\/{rel}","templated":true}]}}