{"id":76682,"date":"2025-11-12T20:59:14","date_gmt":"2025-11-12T19:59:14","guid":{"rendered":"https:\/\/readymade.se\/core\/produkt\/2-punkts-balansstrale\/"},"modified":"2026-02-27T20:01:36","modified_gmt":"2026-02-27T19:01:36","slug":"2-punkts-balansstrale","status":"publish","type":"product","link":"https:\/\/readymade.se\/lekplats\/produkt\/2-punkts-balansstrale\/","title":{"rendered":"2-punkts balansstr\u00e5le"},"content":{"rendered":"<p>F\u00e5 grepp om balansen p\u00e5 balansbalken Balansbalken kan st\u00e5 p\u00e5 egen hand p\u00e5 lekplatsen eller utg\u00f6ra en del av en st\u00f6rre hinderbana som best\u00e5r av flera delar av balansutrustning. Den \u00e4r utformad med tv\u00e5 fj\u00e4drar och tv\u00e5 punkter d\u00e4r balken kan b\u00f6jas. Detta g\u00f6r balanseringen extra utmanande, eftersom den ger efter som svar p\u00e5 barnens vikt och alltid \u00e4r i r\u00f6relse. Den instabila ytan \u00e4r perfekt f\u00f6r att tr\u00e4na barns balans, koncentration och koordination. Barn rusar ofta runt mycket, men n\u00e4r de ska balansera tvingas de sakta ner och fokusera p\u00e5 sin kropp och hur de r\u00f6r sig f\u00f6r att se till att de inte ramlar av. Det l\u00e5ngsammare tempot ger dem tid att fokusera och bli mer medvetna om sin egen kropp \u2013 hur de reagerar och hur man kontrollerar dem. F\u00f6rb\u00e4ttrad kontroll och koncentration gynnar barn s\u00e4rskilt n\u00e4r de b\u00f6rjar skolan och b\u00f6rjar l\u00e4ra sig nya saker, b\u00e5de fysiskt och mentalt. Balansbalken \u00e4r s\u00e4kerhetsoptimerad med fj\u00e4drar som inte kan f\u00e5nga sm\u00e5 fingrar, och den \u00e4r dessutom tillverkad av \u00e5tervinningsbara material som \u00e4r l\u00e4tta att underh\u00e5lla.<\/p>\n","protected":false},"excerpt":{"rendered":"<p>F\u00e5 grepp om balansen p\u00e5 balansbalken Balansbalken kan st\u00e5 av sig sj\u00e4lv p\u00e5 lekplatsen eller utg\u00f6ra en del av en st\u00f6rre hinderbana som best\u00e5r av flera stycken bal<\/p>\n","protected":false},"featured_media":123534,"template":"","meta":{"site-sidebar-layout":"default","site-content-layout":"","ast-site-content-layout":"default","site-content-style":"default","site-sidebar-style":"default","ast-global-header-display":"","ast-banner-title-visibility":"","ast-main-header-display":"","ast-hfb-above-header-display":"","ast-hfb-below-header-display":"","ast-hfb-mobile-header-display":"","site-post-title":"","ast-breadcrumbs-content":"","ast-featured-img":"","footer-sml-layout":"","theme-transparent-header-meta":"default","adv-header-id-meta":"","stick-header-meta":"","header-above-stick-meta":"","header-main-stick-meta":"","header-below-stick-meta":"","astra-migrate-meta-layouts":"set","ast-page-background-enabled":"default","ast-page-background-meta":{"desktop":{"background-color":"var(--ast-global-color-5)","background-image":"","background-repeat":"repeat","background-position":"center center","background-size":"auto","background-attachment":"scroll","background-type":"","background-media":"","overlay-type":"","overlay-color":"","overlay-opacity":"","overlay-gradient":""},"tablet":{"background-color":"","background-image":"","background-repeat":"repeat","background-position":"center center","background-size":"auto","background-attachment":"scroll","background-type":"","background-media":"","overlay-type":"","overlay-color":"","overlay-opacity":"","overlay-gradient":""},"mobile":{"background-color":"","background-image":"","background-repeat":"repeat","background-position":"center center","background-size":"auto","background-attachment":"scroll","background-type":"","background-media":"","overlay-type":"","overlay-color":"","overlay-opacity":"","overlay-gradient":""}},"ast-content-background-meta":{"desktop":{"background-color":"var(--ast-global-color-4)","background-image":"","background-repeat":"repeat","background-position":"center center","background-size":"auto","background-attachment":"scroll","background-type":"","background-media":"","overlay-type":"","overlay-color":"","overlay-opacity":"","overlay-gradient":""},"tablet":{"background-color":"var(--ast-global-color-4)","background-image":"","background-repeat":"repeat","background-position":"center center","background-size":"auto","background-attachment":"scroll","background-type":"","background-media":"","overlay-type":"","overlay-color":"","overlay-opacity":"","overlay-gradient":""},"mobile":{"background-color":"var(--ast-global-color-4)","background-image":"","background-repeat":"repeat","background-position":"center center","background-size":"auto","background-attachment":"scroll","background-type":"","background-media":"","overlay-type":"","overlay-color":"","overlay-opacity":"","overlay-gradient":""}}},"product_brand":[526],"product_cat":[55,389],"product_tag":[],"class_list":{"0":"post-76682","1":"product","2":"type-product","3":"status-publish","4":"has-post-thumbnail","6":"product_brand-ledon","7":"product_cat-balans-motorik","8":"product_cat-pirates","9":"desktop-align-center","10":"tablet-align-left","11":"mobile-align-left","13":"first","14":"instock","15":"taxable","16":"shipping-taxable","17":"purchasable","18":"product-type-simple"},"_links":{"self":[{"href":"https:\/\/readymade.se\/lekplats\/wp-json\/wp\/v2\/product\/76682","targetHints":{"allow":["GET"]}}],"collection":[{"href":"https:\/\/readymade.se\/lekplats\/wp-json\/wp\/v2\/product"}],"about":[{"href":"https:\/\/readymade.se\/lekplats\/wp-json\/wp\/v2\/types\/product"}],"wp:featuredmedia":[{"embeddable":true,"href":"https:\/\/readymade.se\/lekplats\/wp-json\/wp\/v2\/media\/123534"}],"wp:attachment":[{"href":"https:\/\/readymade.se\/lekplats\/wp-json\/wp\/v2\/media?parent=76682"}],"wp:term":[{"taxonomy":"product_brand","embeddable":true,"href":"https:\/\/readymade.se\/lekplats\/wp-json\/wp\/v2\/product_brand?post=76682"},{"taxonomy":"product_cat","embeddable":true,"href":"https:\/\/readymade.se\/lekplats\/wp-json\/wp\/v2\/product_cat?post=76682"},{"taxonomy":"product_tag","embeddable":true,"href":"https:\/\/readymade.se\/lekplats\/wp-json\/wp\/v2\/product_tag?post=76682"}],"curies":[{"name":"wp","href":"https:\/\/api.w.org\/{rel}","templated":true}]}}