{"id":149405,"date":"2026-03-22T20:11:51","date_gmt":"2026-03-22T19:11:51","guid":{"rendered":"https:\/\/readymade.se\/lekplats\/?post_type=product&#038;p=149405"},"modified":"2026-03-22T20:12:04","modified_gmt":"2026-03-22T19:12:04","slug":"gummiflis-55-mm-m2","status":"publish","type":"product","link":"https:\/\/readymade.se\/lekplats\/produkt\/gummiflis-55-mm-m2\/","title":{"rendered":"Gummiflis 55 mm (m2)"},"content":{"rendered":"<p>Gummiflis 55 mm \u00e4r en st\u00f6td\u00e4mpande och dr\u00e4nerande ytbel\u00e4ggning f\u00f6r lekplatser, skolg\u00e5rdar och andra offentliga aktivitetsytor. Materialet ger en mjukare markyta, minskar risken f\u00f6r h\u00e5rda islag och bidrar samtidigt till ett varmt och naturligt uttryck i utemilj\u00f6n. Produkten \u00e4r v\u00e4dert\u00e5lig och finns i flera f\u00e4rgtoner f\u00f6r att kunna anpassas till platsens design och funktion. L\u00f6sningen l\u00e4mpar sig f\u00f6r b\u00e5de nya anl\u00e4ggningar och uppgraderingar av befintliga fallskyddsytor. Angiven kritisk fallh\u00f6jd \u00e4r upp till 1,7 m.<\/p>\n","protected":false},"excerpt":{"rendered":"<p>Gummiflis 55 mm f\u00f6r st\u00f6td\u00e4mpande ytor p\u00e5 lekplatser. Angiven kritisk fallh\u00f6jd upp till 1,7 m.<\/p>\n","protected":false},"featured_media":142888,"template":"","meta":{"site-sidebar-layout":"","site-content-layout":"","ast-site-content-layout":"","site-content-style":"","site-sidebar-style":"","ast-global-header-display":"","ast-banner-title-visibility":"","ast-main-header-display":"","ast-hfb-above-header-display":"","ast-hfb-below-header-display":"","ast-hfb-mobile-header-display":"","site-post-title":"","ast-breadcrumbs-content":"","ast-featured-img":"","footer-sml-layout":"","theme-transparent-header-meta":"","adv-header-id-meta":"","stick-header-meta":"","header-above-stick-meta":"","header-main-stick-meta":"","header-below-stick-meta":"","astra-migrate-meta-layouts":"","ast-page-background-enabled":"default","ast-page-background-meta":{"desktop":{"background-color":"var(--ast-global-color-5)","background-image":"","background-repeat":"repeat","background-position":"center center","background-size":"auto","background-attachment":"scroll","background-type":"","background-media":"","overlay-type":"","overlay-color":"","overlay-opacity":"","overlay-gradient":""},"tablet":{"background-color":"","background-image":"","background-repeat":"repeat","background-position":"center center","background-size":"auto","background-attachment":"scroll","background-type":"","background-media":"","overlay-type":"","overlay-color":"","overlay-opacity":"","overlay-gradient":""},"mobile":{"background-color":"","background-image":"","background-repeat":"repeat","background-position":"center center","background-size":"auto","background-attachment":"scroll","background-type":"","background-media":"","overlay-type":"","overlay-color":"","overlay-opacity":"","overlay-gradient":""}},"ast-content-background-meta":{"desktop":{"background-color":"var(--ast-global-color-4)","background-image":"","background-repeat":"repeat","background-position":"center center","background-size":"auto","background-attachment":"scroll","background-type":"","background-media":"","overlay-type":"","overlay-color":"","overlay-opacity":"","overlay-gradient":""},"tablet":{"background-color":"var(--ast-global-color-4)","background-image":"","background-repeat":"repeat","background-position":"center center","background-size":"auto","background-attachment":"scroll","background-type":"","background-media":"","overlay-type":"","overlay-color":"","overlay-opacity":"","overlay-gradient":""},"mobile":{"background-color":"var(--ast-global-color-4)","background-image":"","background-repeat":"repeat","background-position":"center center","background-size":"auto","background-attachment":"scroll","background-type":"","background-media":"","overlay-type":"","overlay-color":"","overlay-opacity":"","overlay-gradient":""}}},"product_brand":[37],"product_cat":[929],"product_tag":[898],"class_list":{"0":"post-149405","1":"product","2":"type-product","3":"status-publish","4":"has-post-thumbnail","6":"product_brand-tiptiptap","7":"product_cat-gummiflis","8":"product_tag-serie-safety-surfaces","9":"desktop-align-center","10":"tablet-align-left","11":"mobile-align-left","13":"first","14":"instock","15":"taxable","16":"shipping-taxable","17":"purchasable","18":"product-type-simple"},"_links":{"self":[{"href":"https:\/\/readymade.se\/lekplats\/wp-json\/wp\/v2\/product\/149405","targetHints":{"allow":["GET"]}}],"collection":[{"href":"https:\/\/readymade.se\/lekplats\/wp-json\/wp\/v2\/product"}],"about":[{"href":"https:\/\/readymade.se\/lekplats\/wp-json\/wp\/v2\/types\/product"}],"wp:featuredmedia":[{"embeddable":true,"href":"https:\/\/readymade.se\/lekplats\/wp-json\/wp\/v2\/media\/142888"}],"wp:attachment":[{"href":"https:\/\/readymade.se\/lekplats\/wp-json\/wp\/v2\/media?parent=149405"}],"wp:term":[{"taxonomy":"product_brand","embeddable":true,"href":"https:\/\/readymade.se\/lekplats\/wp-json\/wp\/v2\/product_brand?post=149405"},{"taxonomy":"product_cat","embeddable":true,"href":"https:\/\/readymade.se\/lekplats\/wp-json\/wp\/v2\/product_cat?post=149405"},{"taxonomy":"product_tag","embeddable":true,"href":"https:\/\/readymade.se\/lekplats\/wp-json\/wp\/v2\/product_tag?post=149405"}],"curies":[{"name":"wp","href":"https:\/\/api.w.org\/{rel}","templated":true}]}}