{"id":149393,"date":"2026-03-22T20:11:26","date_gmt":"2026-03-22T19:11:26","guid":{"rendered":"https:\/\/readymade.se\/lekplats\/?post_type=product&#038;p=149393"},"modified":"2026-03-22T20:11:56","modified_gmt":"2026-03-22T19:11:56","slug":"monstrad-gummiplatta-gron-bla-gra-70-mm-m2","status":"publish","type":"product","link":"https:\/\/readymade.se\/lekplats\/produkt\/monstrad-gummiplatta-gron-bla-gra-70-mm-m2\/","title":{"rendered":"M\u00f6nstrad gummiplatta gr\u00f6n\/bl\u00e5\/gr\u00e5 70 mm (m2)"},"content":{"rendered":"<p>M\u00f6nstrad gummiplatta gr\u00f6n\/bl\u00e5\/gr\u00e5 i tjocklek 70 mm \u00e4r avsedd f\u00f6r lekplatser och offentliga utemilj\u00f6er d\u00e4r b\u00e5de design och s\u00e4ker funktion \u00e4r viktiga. Ytan \u00e4r slitstark, v\u00e4dert\u00e5lig och enkel att h\u00e5lla ren, vilket g\u00f6r den l\u00e4mplig i omr\u00e5den med h\u00f6g daglig anv\u00e4ndning. Plattan anv\u00e4nds ofta f\u00f6r att skapa f\u00e4rgsatta och tydliga zoner i projekt d\u00e4r man vill kombinera god driftsekonomi med ett mer uttrycksfullt formspr\u00e5k. Minsta best\u00e4llning \u00e4r 100 m\u00b2. Angiven kritisk fallh\u00f6jd \u00e4r upp till 2,02 m.<\/p>\n","protected":false},"excerpt":{"rendered":"<p>M\u00f6nstrad gummiplatta gr\u00f6n\/bl\u00e5\/gr\u00e5, tjocklek 70 mm. Minsta best\u00e4llning 100 m\u00b2.<\/p>\n","protected":false},"featured_media":142844,"template":"","meta":{"site-sidebar-layout":"","site-content-layout":"","ast-site-content-layout":"","site-content-style":"","site-sidebar-style":"","ast-global-header-display":"","ast-banner-title-visibility":"","ast-main-header-display":"","ast-hfb-above-header-display":"","ast-hfb-below-header-display":"","ast-hfb-mobile-header-display":"","site-post-title":"","ast-breadcrumbs-content":"","ast-featured-img":"","footer-sml-layout":"","theme-transparent-header-meta":"","adv-header-id-meta":"","stick-header-meta":"","header-above-stick-meta":"","header-main-stick-meta":"","header-below-stick-meta":"","astra-migrate-meta-layouts":"","ast-page-background-enabled":"default","ast-page-background-meta":{"desktop":{"background-color":"var(--ast-global-color-5)","background-image":"","background-repeat":"repeat","background-position":"center center","background-size":"auto","background-attachment":"scroll","background-type":"","background-media":"","overlay-type":"","overlay-color":"","overlay-opacity":"","overlay-gradient":""},"tablet":{"background-color":"","background-image":"","background-repeat":"repeat","background-position":"center center","background-size":"auto","background-attachment":"scroll","background-type":"","background-media":"","overlay-type":"","overlay-color":"","overlay-opacity":"","overlay-gradient":""},"mobile":{"background-color":"","background-image":"","background-repeat":"repeat","background-position":"center center","background-size":"auto","background-attachment":"scroll","background-type":"","background-media":"","overlay-type":"","overlay-color":"","overlay-opacity":"","overlay-gradient":""}},"ast-content-background-meta":{"desktop":{"background-color":"var(--ast-global-color-4)","background-image":"","background-repeat":"repeat","background-position":"center center","background-size":"auto","background-attachment":"scroll","background-type":"","background-media":"","overlay-type":"","overlay-color":"","overlay-opacity":"","overlay-gradient":""},"tablet":{"background-color":"var(--ast-global-color-4)","background-image":"","background-repeat":"repeat","background-position":"center center","background-size":"auto","background-attachment":"scroll","background-type":"","background-media":"","overlay-type":"","overlay-color":"","overlay-opacity":"","overlay-gradient":""},"mobile":{"background-color":"var(--ast-global-color-4)","background-image":"","background-repeat":"repeat","background-position":"center center","background-size":"auto","background-attachment":"scroll","background-type":"","background-media":"","overlay-type":"","overlay-color":"","overlay-opacity":"","overlay-gradient":""}}},"product_brand":[37],"product_cat":[923,924],"product_tag":[898],"class_list":{"0":"post-149393","1":"product","2":"type-product","3":"status-publish","4":"has-post-thumbnail","6":"product_brand-tiptiptap","7":"product_cat-fallskydd-2","8":"product_cat-gummiplattor-fallskydd-2","9":"product_tag-serie-safety-surfaces","10":"desktop-align-center","11":"tablet-align-left","12":"mobile-align-left","14":"first","15":"instock","16":"taxable","17":"shipping-taxable","18":"purchasable","19":"product-type-simple"},"_links":{"self":[{"href":"https:\/\/readymade.se\/lekplats\/wp-json\/wp\/v2\/product\/149393","targetHints":{"allow":["GET"]}}],"collection":[{"href":"https:\/\/readymade.se\/lekplats\/wp-json\/wp\/v2\/product"}],"about":[{"href":"https:\/\/readymade.se\/lekplats\/wp-json\/wp\/v2\/types\/product"}],"wp:featuredmedia":[{"embeddable":true,"href":"https:\/\/readymade.se\/lekplats\/wp-json\/wp\/v2\/media\/142844"}],"wp:attachment":[{"href":"https:\/\/readymade.se\/lekplats\/wp-json\/wp\/v2\/media?parent=149393"}],"wp:term":[{"taxonomy":"product_brand","embeddable":true,"href":"https:\/\/readymade.se\/lekplats\/wp-json\/wp\/v2\/product_brand?post=149393"},{"taxonomy":"product_cat","embeddable":true,"href":"https:\/\/readymade.se\/lekplats\/wp-json\/wp\/v2\/product_cat?post=149393"},{"taxonomy":"product_tag","embeddable":true,"href":"https:\/\/readymade.se\/lekplats\/wp-json\/wp\/v2\/product_tag?post=149393"}],"curies":[{"name":"wp","href":"https:\/\/api.w.org\/{rel}","templated":true}]}}