{"id":147457,"date":"2026-03-22T19:48:31","date_gmt":"2026-03-22T18:48:31","guid":{"rendered":"https:\/\/readymade.se\/lekplats\/?post_type=product&#038;p=147457"},"modified":"2026-03-22T19:48:41","modified_gmt":"2026-03-22T18:48:41","slug":"kallsorteringskarl-orlen-4x40-l","status":"publish","type":"product","link":"https:\/\/readymade.se\/lekplats\/produkt\/kallsorteringskarl-orlen-4x40-l\/","title":{"rendered":"K\u00e4llsorteringsk\u00e4rl \u00d6rlen 4&#215;40 L"},"content":{"rendered":"<p>K\u00e4llsorteringsk\u00e4rl \u00d6rlen 4&#215;40 L \u00e4r utformat f\u00f6r att f\u00f6renkla avfallssortering i parker, skolg\u00e5rdar, torg och andra offentliga milj\u00f6er. Enheten rymmer fyra separata fraktioner p\u00e5 40 liter vardera, vilket g\u00f6r det l\u00e4tt att skapa en tydlig och pedagogisk sorteringspunkt. Den bredare modulen passar s\u00e4rskilt bra p\u00e5 platser med h\u00f6g anv\u00e4ndning d\u00e4r man vill samla flera avfallstyper i en och samma l\u00f6sning. \u00d6rlen 4&#215;40 L ger en renare helhet, minskar risken f\u00f6r felsortering och st\u00f6djer ett mer h\u00e5llbart driftarbete i vardagen. En praktisk l\u00f6sning f\u00f6r l\u00e5ngsiktig offentlig anv\u00e4ndning.<\/p>\n","protected":false},"excerpt":{"rendered":"<p>K\u00e4llsorteringsk\u00e4rl med 4 fraktioner \u00e1 40 L f\u00f6r tydlig sortering i offentlig utemilj\u00f6.<\/p>\n","protected":false},"featured_media":139150,"template":"","meta":{"site-sidebar-layout":"","site-content-layout":"","ast-site-content-layout":"","site-content-style":"","site-sidebar-style":"","ast-global-header-display":"","ast-banner-title-visibility":"","ast-main-header-display":"","ast-hfb-above-header-display":"","ast-hfb-below-header-display":"","ast-hfb-mobile-header-display":"","site-post-title":"","ast-breadcrumbs-content":"","ast-featured-img":"","footer-sml-layout":"","theme-transparent-header-meta":"","adv-header-id-meta":"","stick-header-meta":"","header-above-stick-meta":"","header-main-stick-meta":"","header-below-stick-meta":"","astra-migrate-meta-layouts":"","ast-page-background-enabled":"default","ast-page-background-meta":{"desktop":{"background-color":"var(--ast-global-color-5)","background-image":"","background-repeat":"repeat","background-position":"center center","background-size":"auto","background-attachment":"scroll","background-type":"","background-media":"","overlay-type":"","overlay-color":"","overlay-opacity":"","overlay-gradient":""},"tablet":{"background-color":"","background-image":"","background-repeat":"repeat","background-position":"center center","background-size":"auto","background-attachment":"scroll","background-type":"","background-media":"","overlay-type":"","overlay-color":"","overlay-opacity":"","overlay-gradient":""},"mobile":{"background-color":"","background-image":"","background-repeat":"repeat","background-position":"center center","background-size":"auto","background-attachment":"scroll","background-type":"","background-media":"","overlay-type":"","overlay-color":"","overlay-opacity":"","overlay-gradient":""}},"ast-content-background-meta":{"desktop":{"background-color":"var(--ast-global-color-4)","background-image":"","background-repeat":"repeat","background-position":"center center","background-size":"auto","background-attachment":"scroll","background-type":"","background-media":"","overlay-type":"","overlay-color":"","overlay-opacity":"","overlay-gradient":""},"tablet":{"background-color":"var(--ast-global-color-4)","background-image":"","background-repeat":"repeat","background-position":"center center","background-size":"auto","background-attachment":"scroll","background-type":"","background-media":"","overlay-type":"","overlay-color":"","overlay-opacity":"","overlay-gradient":""},"mobile":{"background-color":"var(--ast-global-color-4)","background-image":"","background-repeat":"repeat","background-position":"center center","background-size":"auto","background-attachment":"scroll","background-type":"","background-media":"","overlay-type":"","overlay-color":"","overlay-opacity":"","overlay-gradient":""}}},"product_brand":[37],"product_cat":[444,492],"product_tag":[874],"class_list":{"0":"post-147457","1":"product","2":"type-product","3":"status-publish","4":"has-post-thumbnail","6":"product_brand-tiptiptap","7":"product_cat-gata-park","8":"product_cat-papperskorgar","9":"product_tag-serie-urban-furniture","10":"desktop-align-center","11":"tablet-align-left","12":"mobile-align-left","14":"first","15":"instock","16":"taxable","17":"shipping-taxable","18":"purchasable","19":"product-type-simple"},"_links":{"self":[{"href":"https:\/\/readymade.se\/lekplats\/wp-json\/wp\/v2\/product\/147457","targetHints":{"allow":["GET"]}}],"collection":[{"href":"https:\/\/readymade.se\/lekplats\/wp-json\/wp\/v2\/product"}],"about":[{"href":"https:\/\/readymade.se\/lekplats\/wp-json\/wp\/v2\/types\/product"}],"wp:featuredmedia":[{"embeddable":true,"href":"https:\/\/readymade.se\/lekplats\/wp-json\/wp\/v2\/media\/139150"}],"wp:attachment":[{"href":"https:\/\/readymade.se\/lekplats\/wp-json\/wp\/v2\/media?parent=147457"}],"wp:term":[{"taxonomy":"product_brand","embeddable":true,"href":"https:\/\/readymade.se\/lekplats\/wp-json\/wp\/v2\/product_brand?post=147457"},{"taxonomy":"product_cat","embeddable":true,"href":"https:\/\/readymade.se\/lekplats\/wp-json\/wp\/v2\/product_cat?post=147457"},{"taxonomy":"product_tag","embeddable":true,"href":"https:\/\/readymade.se\/lekplats\/wp-json\/wp\/v2\/product_tag?post=147457"}],"curies":[{"name":"wp","href":"https:\/\/api.w.org\/{rel}","templated":true}]}}