{"id":147360,"date":"2026-03-22T19:47:29","date_gmt":"2026-03-22T18:47:29","guid":{"rendered":"https:\/\/readymade.se\/lekplats\/?post_type=product&#038;p=147360"},"modified":"2026-03-22T19:47:36","modified_gmt":"2026-03-22T18:47:36","slug":"fristaende-rutschkanor-torven-med-klattersystem","status":"publish","type":"product","link":"https:\/\/readymade.se\/lekplats\/produkt\/fristaende-rutschkanor-torven-med-klattersystem\/","title":{"rendered":"Frist\u00e5ende rutschkanor Torven med kl\u00e4ttersystem"},"content":{"rendered":"<p>Frist\u00e5ende rutschkanor Torven med kl\u00e4ttersystem ing\u00e5r i serien ROBINIA och \u00e4r en frist\u00e5ende rutschkana som \u00e4r framtagen f\u00f6r lek, r\u00f6relse och socialt samspel i offentlig utemilj\u00f6. Utformningen st\u00f6djer varierad anv\u00e4ndning p\u00e5 lekplatser, f\u00f6rskolor, skolor och parkmilj\u00f6er, med fokus p\u00e5 funktion, h\u00e5llbarhet och ett naturligt uttryck. Specifikationer: rekommenderad \u00e5lder: 1+; max fallh\u00f6jd: 2,13 m; m\u00e5tt ca 6,86 x 8,13 x 3,85 m (L x B x H).<\/p>\n","protected":false},"excerpt":{"rendered":"<p>Robiniaseriens frist\u00e5ende rutschkana f\u00f6r aktiv utelek, motorisk utveckling och trygg samvaro i naturpr\u00e4glad milj\u00f6.<\/p>\n","protected":false},"featured_media":138950,"template":"","meta":{"site-sidebar-layout":"","site-content-layout":"","ast-site-content-layout":"","site-content-style":"","site-sidebar-style":"","ast-global-header-display":"","ast-banner-title-visibility":"","ast-main-header-display":"","ast-hfb-above-header-display":"","ast-hfb-below-header-display":"","ast-hfb-mobile-header-display":"","site-post-title":"","ast-breadcrumbs-content":"","ast-featured-img":"","footer-sml-layout":"","theme-transparent-header-meta":"","adv-header-id-meta":"","stick-header-meta":"","header-above-stick-meta":"","header-main-stick-meta":"","header-below-stick-meta":"","astra-migrate-meta-layouts":"","ast-page-background-enabled":"default","ast-page-background-meta":{"desktop":{"background-color":"var(--ast-global-color-5)","background-image":"","background-repeat":"repeat","background-position":"center center","background-size":"auto","background-attachment":"scroll","background-type":"","background-media":"","overlay-type":"","overlay-color":"","overlay-opacity":"","overlay-gradient":""},"tablet":{"background-color":"","background-image":"","background-repeat":"repeat","background-position":"center center","background-size":"auto","background-attachment":"scroll","background-type":"","background-media":"","overlay-type":"","overlay-color":"","overlay-opacity":"","overlay-gradient":""},"mobile":{"background-color":"","background-image":"","background-repeat":"repeat","background-position":"center center","background-size":"auto","background-attachment":"scroll","background-type":"","background-media":"","overlay-type":"","overlay-color":"","overlay-opacity":"","overlay-gradient":""}},"ast-content-background-meta":{"desktop":{"background-color":"var(--ast-global-color-4)","background-image":"","background-repeat":"repeat","background-position":"center center","background-size":"auto","background-attachment":"scroll","background-type":"","background-media":"","overlay-type":"","overlay-color":"","overlay-opacity":"","overlay-gradient":""},"tablet":{"background-color":"var(--ast-global-color-4)","background-image":"","background-repeat":"repeat","background-position":"center center","background-size":"auto","background-attachment":"scroll","background-type":"","background-media":"","overlay-type":"","overlay-color":"","overlay-opacity":"","overlay-gradient":""},"mobile":{"background-color":"var(--ast-global-color-4)","background-image":"","background-repeat":"repeat","background-position":"center center","background-size":"auto","background-attachment":"scroll","background-type":"","background-media":"","overlay-type":"","overlay-color":"","overlay-opacity":"","overlay-gradient":""}}},"product_brand":[37],"product_cat":[531,197],"product_tag":[888],"class_list":{"0":"post-147360","1":"product","2":"type-product","3":"status-publish","4":"has-post-thumbnail","6":"product_brand-tiptiptap","7":"product_cat-fristaende-rutschkanor","8":"product_cat-rutschkanor","9":"product_tag-serie-robinia","10":"desktop-align-center","11":"tablet-align-left","12":"mobile-align-left","14":"first","15":"instock","16":"taxable","17":"shipping-taxable","18":"purchasable","19":"product-type-simple"},"_links":{"self":[{"href":"https:\/\/readymade.se\/lekplats\/wp-json\/wp\/v2\/product\/147360","targetHints":{"allow":["GET"]}}],"collection":[{"href":"https:\/\/readymade.se\/lekplats\/wp-json\/wp\/v2\/product"}],"about":[{"href":"https:\/\/readymade.se\/lekplats\/wp-json\/wp\/v2\/types\/product"}],"wp:featuredmedia":[{"embeddable":true,"href":"https:\/\/readymade.se\/lekplats\/wp-json\/wp\/v2\/media\/138950"}],"wp:attachment":[{"href":"https:\/\/readymade.se\/lekplats\/wp-json\/wp\/v2\/media?parent=147360"}],"wp:term":[{"taxonomy":"product_brand","embeddable":true,"href":"https:\/\/readymade.se\/lekplats\/wp-json\/wp\/v2\/product_brand?post=147360"},{"taxonomy":"product_cat","embeddable":true,"href":"https:\/\/readymade.se\/lekplats\/wp-json\/wp\/v2\/product_cat?post=147360"},{"taxonomy":"product_tag","embeddable":true,"href":"https:\/\/readymade.se\/lekplats\/wp-json\/wp\/v2\/product_tag?post=147360"}],"curies":[{"name":"wp","href":"https:\/\/api.w.org\/{rel}","templated":true}]}}