{"id":147156,"date":"2026-03-22T19:44:56","date_gmt":"2026-03-22T18:44:56","guid":{"rendered":"https:\/\/readymade.se\/lekplats\/?post_type=product&#038;p=147156"},"modified":"2026-03-22T19:45:05","modified_gmt":"2026-03-22T18:45:05","slug":"parkour-l","status":"publish","type":"product","link":"https:\/\/readymade.se\/lekplats\/produkt\/parkour-l\/","title":{"rendered":"Parkour L"},"content":{"rendered":"<p>Parkourstruktur d\u00e4r v\u00e4ggelementen \u00e4r tillverkade av h\u00e5llbart korslaminerat tr\u00e4 (CLT) f\u00f6r h\u00f6g stabilitet och l\u00e5ng livsl\u00e4ngd trots varierande luftfuktighet. Tr\u00e4et har behandlats i en fyrastegsprocess f\u00f6r v\u00e4derbest\u00e4ndighet. V\u00e4ggelementens \u00f6vre kanter \u00e4r t\u00e4ckta med gummibelagd halkskyddsplast i f\u00e4rgalternativen gr\u00e5 eller r\u00f6d. Horisontella r\u00f6r \u00e4r av rostfritt st\u00e5l och vertikala stolpar av varmf\u00f6rzinkat och pulverlackerat st\u00e5l. Konstruktionen \u00e4r avsedd f\u00f6r ytmontering, exempelvis p\u00e5 150 mm armerad betongplatta. Markf\u00e4sten \u00e4r tillverkade av varmf\u00f6rzinkad metall.<\/p>\n","protected":false},"excerpt":{"rendered":"<p>Robust parkourstruktur i tr\u00e4 och st\u00e5l f\u00f6r avancerad utomhustr\u00e4ning.<\/p>\n","protected":false},"featured_media":138481,"template":"","meta":{"site-sidebar-layout":"","site-content-layout":"","ast-site-content-layout":"","site-content-style":"","site-sidebar-style":"","ast-global-header-display":"","ast-banner-title-visibility":"","ast-main-header-display":"","ast-hfb-above-header-display":"","ast-hfb-below-header-display":"","ast-hfb-mobile-header-display":"","site-post-title":"","ast-breadcrumbs-content":"","ast-featured-img":"","footer-sml-layout":"","theme-transparent-header-meta":"","adv-header-id-meta":"","stick-header-meta":"","header-above-stick-meta":"","header-main-stick-meta":"","header-below-stick-meta":"","astra-migrate-meta-layouts":"","ast-page-background-enabled":"default","ast-page-background-meta":{"desktop":{"background-color":"var(--ast-global-color-5)","background-image":"","background-repeat":"repeat","background-position":"center center","background-size":"auto","background-attachment":"scroll","background-type":"","background-media":"","overlay-type":"","overlay-color":"","overlay-opacity":"","overlay-gradient":""},"tablet":{"background-color":"","background-image":"","background-repeat":"repeat","background-position":"center center","background-size":"auto","background-attachment":"scroll","background-type":"","background-media":"","overlay-type":"","overlay-color":"","overlay-opacity":"","overlay-gradient":""},"mobile":{"background-color":"","background-image":"","background-repeat":"repeat","background-position":"center center","background-size":"auto","background-attachment":"scroll","background-type":"","background-media":"","overlay-type":"","overlay-color":"","overlay-opacity":"","overlay-gradient":""}},"ast-content-background-meta":{"desktop":{"background-color":"var(--ast-global-color-4)","background-image":"","background-repeat":"repeat","background-position":"center center","background-size":"auto","background-attachment":"scroll","background-type":"","background-media":"","overlay-type":"","overlay-color":"","overlay-opacity":"","overlay-gradient":""},"tablet":{"background-color":"var(--ast-global-color-4)","background-image":"","background-repeat":"repeat","background-position":"center center","background-size":"auto","background-attachment":"scroll","background-type":"","background-media":"","overlay-type":"","overlay-color":"","overlay-opacity":"","overlay-gradient":""},"mobile":{"background-color":"var(--ast-global-color-4)","background-image":"","background-repeat":"repeat","background-position":"center center","background-size":"auto","background-attachment":"scroll","background-type":"","background-media":"","overlay-type":"","overlay-color":"","overlay-opacity":"","overlay-gradient":""}}},"product_brand":[37],"product_cat":[385,479],"product_tag":[],"class_list":{"0":"post-147156","1":"product","2":"type-product","3":"status-publish","4":"has-post-thumbnail","6":"product_brand-tiptiptap","7":"product_cat-gym","8":"product_cat-parkour","9":"desktop-align-center","10":"tablet-align-left","11":"mobile-align-left","13":"first","14":"instock","15":"taxable","16":"shipping-taxable","17":"purchasable","18":"product-type-simple"},"_links":{"self":[{"href":"https:\/\/readymade.se\/lekplats\/wp-json\/wp\/v2\/product\/147156","targetHints":{"allow":["GET"]}}],"collection":[{"href":"https:\/\/readymade.se\/lekplats\/wp-json\/wp\/v2\/product"}],"about":[{"href":"https:\/\/readymade.se\/lekplats\/wp-json\/wp\/v2\/types\/product"}],"wp:featuredmedia":[{"embeddable":true,"href":"https:\/\/readymade.se\/lekplats\/wp-json\/wp\/v2\/media\/138481"}],"wp:attachment":[{"href":"https:\/\/readymade.se\/lekplats\/wp-json\/wp\/v2\/media?parent=147156"}],"wp:term":[{"taxonomy":"product_brand","embeddable":true,"href":"https:\/\/readymade.se\/lekplats\/wp-json\/wp\/v2\/product_brand?post=147156"},{"taxonomy":"product_cat","embeddable":true,"href":"https:\/\/readymade.se\/lekplats\/wp-json\/wp\/v2\/product_cat?post=147156"},{"taxonomy":"product_tag","embeddable":true,"href":"https:\/\/readymade.se\/lekplats\/wp-json\/wp\/v2\/product_tag?post=147156"}],"curies":[{"name":"wp","href":"https:\/\/api.w.org\/{rel}","templated":true}]}}