{"id":108547,"date":"2026-02-28T21:01:40","date_gmt":"2026-02-28T20:01:40","guid":{"rendered":"https:\/\/readymade.se\/core\/produkt\/lekplatshangmatta-plastlamell\/"},"modified":"2026-02-28T21:01:40","modified_gmt":"2026-02-28T20:01:40","slug":"lekplatshangmatta-plastlamell","status":"publish","type":"product","link":"https:\/\/readymade.se\/lekplats\/produkt\/lekplatshangmatta-plastlamell\/","title":{"rendered":"Lekplatsh\u00e4ngmatta plastlamell"},"content":{"rendered":"<p>Robust Godk\u00e4nd h\u00e4ngmatta f\u00f6r offentliga lekplatser<br \/>\nStorlek p\u00e5 n\u00e4t: 1800 x 800 mm<br \/>\nProfessionell vandalimbest\u00e4ndighet tack vare lamelln\u00e4t i plast<br \/>\nB\u00f6jd tr\u00e4b\u00e5ge<br \/>\nF\u00e4ste av \u00d8 16 mm rep kombinerat med \u00d8 8 mm galvaniserad st\u00e5lkedja<br \/>\nL\u00e4mplig f\u00f6r stolpavst\u00e5nd upp till 420 cm och stolph\u00f6jd 129 cm<br \/>\nInf\u00e4stningen kan sk\u00e4ras med ca. 60 cm p\u00e5 b\u00e5da sidor, s\u00e5 du kan anv\u00e4nda den till flera olika avst\u00e5nd och h\u00f6jder<br \/>\nEndast h\u00e4ngmattan kommer att levereras! Stolpar och gungbalkar m\u00e5ste best\u00e4llas separat!<\/p>\n","protected":false},"excerpt":{"rendered":"<p>N\u00e4t tillverkat av plastlameller<\/p>\n","protected":false},"featured_media":108546,"template":"","meta":{"site-sidebar-layout":"default","site-content-layout":"","ast-site-content-layout":"default","site-content-style":"default","site-sidebar-style":"default","ast-global-header-display":"","ast-banner-title-visibility":"","ast-main-header-display":"","ast-hfb-above-header-display":"","ast-hfb-below-header-display":"","ast-hfb-mobile-header-display":"","site-post-title":"","ast-breadcrumbs-content":"","ast-featured-img":"","footer-sml-layout":"","theme-transparent-header-meta":"","adv-header-id-meta":"","stick-header-meta":"","header-above-stick-meta":"","header-main-stick-meta":"","header-below-stick-meta":"","astra-migrate-meta-layouts":"default","ast-page-background-enabled":"default","ast-page-background-meta":{"desktop":{"background-color":"var(--ast-global-color-5)","background-image":"","background-repeat":"repeat","background-position":"center center","background-size":"auto","background-attachment":"scroll","background-type":"","background-media":"","overlay-type":"","overlay-color":"","overlay-opacity":"","overlay-gradient":""},"tablet":{"background-color":"","background-image":"","background-repeat":"repeat","background-position":"center center","background-size":"auto","background-attachment":"scroll","background-type":"","background-media":"","overlay-type":"","overlay-color":"","overlay-opacity":"","overlay-gradient":""},"mobile":{"background-color":"","background-image":"","background-repeat":"repeat","background-position":"center center","background-size":"auto","background-attachment":"scroll","background-type":"","background-media":"","overlay-type":"","overlay-color":"","overlay-opacity":"","overlay-gradient":""}},"ast-content-background-meta":{"desktop":{"background-color":"var(--ast-global-color-4)","background-image":"","background-repeat":"repeat","background-position":"center center","background-size":"auto","background-attachment":"scroll","background-type":"","background-media":"","overlay-type":"","overlay-color":"","overlay-opacity":"","overlay-gradient":""},"tablet":{"background-color":"var(--ast-global-color-4)","background-image":"","background-repeat":"repeat","background-position":"center center","background-size":"auto","background-attachment":"scroll","background-type":"","background-media":"","overlay-type":"","overlay-color":"","overlay-opacity":"","overlay-gradient":""},"mobile":{"background-color":"var(--ast-global-color-4)","background-image":"","background-repeat":"repeat","background-position":"center center","background-size":"auto","background-attachment":"scroll","background-type":"","background-media":"","overlay-type":"","overlay-color":"","overlay-opacity":"","overlay-gradient":""}}},"product_brand":[],"product_cat":[484],"product_tag":[],"class_list":{"0":"post-108547","1":"product","2":"type-product","3":"status-publish","4":"has-post-thumbnail","6":"product_cat-hangmattor","7":"desktop-align-center","8":"tablet-align-left","9":"mobile-align-left","11":"first","12":"instock","13":"taxable","14":"shipping-taxable","15":"purchasable","16":"product-type-simple"},"_links":{"self":[{"href":"https:\/\/readymade.se\/lekplats\/wp-json\/wp\/v2\/product\/108547","targetHints":{"allow":["GET"]}}],"collection":[{"href":"https:\/\/readymade.se\/lekplats\/wp-json\/wp\/v2\/product"}],"about":[{"href":"https:\/\/readymade.se\/lekplats\/wp-json\/wp\/v2\/types\/product"}],"wp:featuredmedia":[{"embeddable":true,"href":"https:\/\/readymade.se\/lekplats\/wp-json\/wp\/v2\/media\/108546"}],"wp:attachment":[{"href":"https:\/\/readymade.se\/lekplats\/wp-json\/wp\/v2\/media?parent=108547"}],"wp:term":[{"taxonomy":"product_brand","embeddable":true,"href":"https:\/\/readymade.se\/lekplats\/wp-json\/wp\/v2\/product_brand?post=108547"},{"taxonomy":"product_cat","embeddable":true,"href":"https:\/\/readymade.se\/lekplats\/wp-json\/wp\/v2\/product_cat?post=108547"},{"taxonomy":"product_tag","embeddable":true,"href":"https:\/\/readymade.se\/lekplats\/wp-json\/wp\/v2\/product_tag?post=108547"}],"curies":[{"name":"wp","href":"https:\/\/api.w.org\/{rel}","templated":true}]}}