{"id":105334,"date":"2025-12-05T09:45:59","date_gmt":"2025-12-05T08:45:59","guid":{"rendered":"https:\/\/readymade.se\/core\/produkt\/betong-picknickbord-03\/"},"modified":"2026-02-28T18:05:50","modified_gmt":"2026-02-28T17:05:50","slug":"betong-picknickbord-03","status":"publish","type":"product","link":"https:\/\/readymade.se\/lekplats\/produkt\/betong-picknickbord-03\/","title":{"rendered":"Betong picknickbord 03"},"content":{"rendered":"<p>Betong picknickbord 03 Kod: KT-02-CR-013 \u00ab F\u00d6REG\u00c5ENDE N\u00c4STA \u00bb Ladda ner filer Tekniskt datablad: pdf DOC Tekniska ritningar: pdf dwg 3D-modeller: dwg F\u00f6r att ta emot 3D-filen, skicka ett meddelande: V\u00e4lj land USA Storbritannien Afghanistan Albanien Algeriet Amerikanska Samoa Andorra Bar Angola Armenien Australien Arguilla Argentina och Argentina Azerbajdzjan Bahamas Bahrain Bangladesh Barbados Vitryssland Belgien Belize Benin Bermuda Bhutan Bolivia Bosnien och Hercegovina Botswana Bouvet Island Brasilien Brittiska territoriet i Indiska oceanen Brunei Darussalam Bulgarien Burkina Faso Burundi Kambodja Kamerun Kanada Kap Verde Cayman\u00f6arna Centralafrikanska republiken Coco Chile Kina Comoros Cooko Congo Chile China Christmas Islands Costa Rica Elfenbenskusten Kroatien Kuba Cypern Tjeckien Danmark Djibouti Dominika Dominikanska republiken Ecuador Egypten El Salvador Ekvatorialguinea Eritrea Estland Etiopien Falklands\u00f6arna (Malvinas) F\u00e4r\u00f6arna Fiji Finland Frankrike Franska Guyana Franska Polynesien Franska s\u00f6dra territorierna Gabon Gambia Grekland Gr\u00f6na Guinea Guinea Guinea Guinea Guinea Guinea Guinea Ghana Guinea-bissau Guyana Haiti Heard Island och Mcdonald Islands Heard Island (Vatikanstaten) Honduras Hongkong Ungern Island Indien Indonesien Iran, Islamiska republiken Irak Irland Israel Italien Jamaica Japan Jordanien Kazakstan Kenya Kiribati Korea, Demokratiska Korea, Republiken Kuwait Kirgizistan Lao Lestvia Folkets Liberia Demokratiska Republiken Libanesiska Republiken Libanesiska Republiken Libanon, Libanon, Libanon Litauen Luxemburg Macao Makedonien Madagaskar Malawi Malaysia Maldiverna Mali Malta Marshall\u00f6arna Martinique Mauretanien Mauritius Mayotte Mexiko Mikronesien, Moldaviens f\u00f6rbund, Monaco Mongoliet Montserrat Marocko Mo\u00e7ambique Myanmar Namibia Nauru Nederl\u00e4ndska Antillerna Nya Kaledonien Nepal, Nya Kaledonien, Nya Kaledonien, Nepal, Nya Zeeland, Nya Zeeland, Nicaragua, Nicara, Nicara, Nigeria, Nigeria, Nepal, Nigeria<\/p>\n","protected":false},"excerpt":{"rendered":"<p>Betong picknickbord 03 Kod: KT-02-CR-013 \u00ab F\u00d6REG\u00c5ENDE N\u00c4STA \u00bb Ladda ner filer Tekniskt datablad: pdf DOC Tekniska ritningar: pdf dwg 3D Modeller: dwg F\u00f6r att ta emot 3D-filen, skicka ett meddelande: V\u00e4lj land United States United Kingdom Afghanista<\/p>\n","protected":false},"featured_media":125180,"template":"","meta":{"site-sidebar-layout":"default","site-content-layout":"","ast-site-content-layout":"default","site-content-style":"default","site-sidebar-style":"default","ast-global-header-display":"","ast-banner-title-visibility":"","ast-main-header-display":"","ast-hfb-above-header-display":"","ast-hfb-below-header-display":"","ast-hfb-mobile-header-display":"","site-post-title":"","ast-breadcrumbs-content":"","ast-featured-img":"","footer-sml-layout":"","theme-transparent-header-meta":"","adv-header-id-meta":"","stick-header-meta":"","header-above-stick-meta":"","header-main-stick-meta":"","header-below-stick-meta":"","astra-migrate-meta-layouts":"default","ast-page-background-enabled":"default","ast-page-background-meta":{"desktop":{"background-color":"var(--ast-global-color-5)","background-image":"","background-repeat":"repeat","background-position":"center center","background-size":"auto","background-attachment":"scroll","background-type":"","background-media":"","overlay-type":"","overlay-color":"","overlay-opacity":"","overlay-gradient":""},"tablet":{"background-color":"","background-image":"","background-repeat":"repeat","background-position":"center center","background-size":"auto","background-attachment":"scroll","background-type":"","background-media":"","overlay-type":"","overlay-color":"","overlay-opacity":"","overlay-gradient":""},"mobile":{"background-color":"","background-image":"","background-repeat":"repeat","background-position":"center center","background-size":"auto","background-attachment":"scroll","background-type":"","background-media":"","overlay-type":"","overlay-color":"","overlay-opacity":"","overlay-gradient":""}},"ast-content-background-meta":{"desktop":{"background-color":"var(--ast-global-color-4)","background-image":"","background-repeat":"repeat","background-position":"center center","background-size":"auto","background-attachment":"scroll","background-type":"","background-media":"","overlay-type":"","overlay-color":"","overlay-opacity":"","overlay-gradient":""},"tablet":{"background-color":"var(--ast-global-color-4)","background-image":"","background-repeat":"repeat","background-position":"center center","background-size":"auto","background-attachment":"scroll","background-type":"","background-media":"","overlay-type":"","overlay-color":"","overlay-opacity":"","overlay-gradient":""},"mobile":{"background-color":"var(--ast-global-color-4)","background-image":"","background-repeat":"repeat","background-position":"center center","background-size":"auto","background-attachment":"scroll","background-type":"","background-media":"","overlay-type":"","overlay-color":"","overlay-opacity":"","overlay-gradient":""}}},"product_brand":[525],"product_cat":[444,491],"product_tag":[573],"class_list":{"0":"post-105334","1":"product","2":"type-product","3":"status-publish","4":"has-post-thumbnail","6":"product_brand-inter-play","7":"product_cat-gata-park","8":"product_cat-parkbankar","9":"product_tag-core-gata-park","10":"desktop-align-center","11":"tablet-align-left","12":"mobile-align-left","14":"first","15":"instock","16":"taxable","17":"shipping-taxable","18":"purchasable","19":"product-type-simple"},"_links":{"self":[{"href":"https:\/\/readymade.se\/lekplats\/wp-json\/wp\/v2\/product\/105334","targetHints":{"allow":["GET"]}}],"collection":[{"href":"https:\/\/readymade.se\/lekplats\/wp-json\/wp\/v2\/product"}],"about":[{"href":"https:\/\/readymade.se\/lekplats\/wp-json\/wp\/v2\/types\/product"}],"wp:featuredmedia":[{"embeddable":true,"href":"https:\/\/readymade.se\/lekplats\/wp-json\/wp\/v2\/media\/125180"}],"wp:attachment":[{"href":"https:\/\/readymade.se\/lekplats\/wp-json\/wp\/v2\/media?parent=105334"}],"wp:term":[{"taxonomy":"product_brand","embeddable":true,"href":"https:\/\/readymade.se\/lekplats\/wp-json\/wp\/v2\/product_brand?post=105334"},{"taxonomy":"product_cat","embeddable":true,"href":"https:\/\/readymade.se\/lekplats\/wp-json\/wp\/v2\/product_cat?post=105334"},{"taxonomy":"product_tag","embeddable":true,"href":"https:\/\/readymade.se\/lekplats\/wp-json\/wp\/v2\/product_tag?post=105334"}],"curies":[{"name":"wp","href":"https:\/\/api.w.org\/{rel}","templated":true}]}}