{"id":103928,"date":"2025-12-04T18:27:24","date_gmt":"2025-12-04T17:27:24","guid":{"rendered":"https:\/\/readymade.se\/core\/produkt\/lekstallning-hamn\/"},"modified":"2026-01-30T11:19:54","modified_gmt":"2026-01-30T10:19:54","slug":"lekstallning-hamn","status":"publish","type":"product","link":"https:\/\/readymade.se\/lekplats\/produkt\/lekstallning-hamn\/","title":{"rendered":"Lekst\u00e4llning Hamn"},"content":{"rendered":"<p>Port Lekst\u00e4llning \u00e4r en attraktiv lekplatsfunktion som kombinerar roligt, l\u00e4rande och kreativitet, designad f\u00f6r barn som anv\u00e4nder rullstol. Barn kan ta roller som sj\u00f6m\u00e4n eller fiskare och utveckla fantasi, motorik och lagarbete. Setet har ett realistiskt utseende med porten \u201dLagunen\u201d, fiskpanel, disk, tunnel, kl\u00e4tterv\u00e4gg, skepp och fyr. Roterande hjul som avger f\u00e4rgstarkt ljus f\u00f6rst\u00e4rker lekupplevelsen. Konstruktionen \u00e4r gjord av rostfritt st\u00e5l med r\u00f6r \u00d8 76,1 mm och v\u00e4ggtjocklek 2 mm. Fem av \u00e5tta stolpar \u00e4r avslutade med sf\u00e4riska dekorelement. Rep \u00e4r 16 mm tjocka med fiberk\u00e4rna och st\u00e5lfl\u00e4ta, UV-best\u00e4ndiga och flamskyddade. Paneler och dekorelement \u00e4r av 15 mm HDPE, v\u00e4der- och slagt\u00e5ligt.<\/p>\n","protected":false},"excerpt":{"rendered":"<p>Inkluderande lekst\u00e4llning med hamn- och sj\u00f6fartstema som fr\u00e4mjar rolllek, samarbete och motorisk utveckling.<\/p>\n","protected":false},"featured_media":101521,"template":"","meta":{"site-sidebar-layout":"default","site-content-layout":"","ast-site-content-layout":"default","site-content-style":"default","site-sidebar-style":"default","ast-global-header-display":"","ast-banner-title-visibility":"","ast-main-header-display":"","ast-hfb-above-header-display":"","ast-hfb-below-header-display":"","ast-hfb-mobile-header-display":"","site-post-title":"","ast-breadcrumbs-content":"","ast-featured-img":"","footer-sml-layout":"","theme-transparent-header-meta":"","adv-header-id-meta":"","stick-header-meta":"","header-above-stick-meta":"","header-main-stick-meta":"","header-below-stick-meta":"","astra-migrate-meta-layouts":"default","ast-page-background-enabled":"default","ast-page-background-meta":{"desktop":{"background-color":"var(--ast-global-color-5)","background-image":"","background-repeat":"repeat","background-position":"center center","background-size":"auto","background-attachment":"scroll","background-type":"","background-media":"","overlay-type":"","overlay-color":"","overlay-opacity":"","overlay-gradient":""},"tablet":{"background-color":"","background-image":"","background-repeat":"repeat","background-position":"center center","background-size":"auto","background-attachment":"scroll","background-type":"","background-media":"","overlay-type":"","overlay-color":"","overlay-opacity":"","overlay-gradient":""},"mobile":{"background-color":"","background-image":"","background-repeat":"repeat","background-position":"center center","background-size":"auto","background-attachment":"scroll","background-type":"","background-media":"","overlay-type":"","overlay-color":"","overlay-opacity":"","overlay-gradient":""}},"ast-content-background-meta":{"desktop":{"background-color":"var(--ast-global-color-4)","background-image":"","background-repeat":"repeat","background-position":"center center","background-size":"auto","background-attachment":"scroll","background-type":"","background-media":"","overlay-type":"","overlay-color":"","overlay-opacity":"","overlay-gradient":""},"tablet":{"background-color":"var(--ast-global-color-4)","background-image":"","background-repeat":"repeat","background-position":"center center","background-size":"auto","background-attachment":"scroll","background-type":"","background-media":"","overlay-type":"","overlay-color":"","overlay-opacity":"","overlay-gradient":""},"mobile":{"background-color":"var(--ast-global-color-4)","background-image":"","background-repeat":"repeat","background-position":"center center","background-size":"auto","background-attachment":"scroll","background-type":"","background-media":"","overlay-type":"","overlay-color":"","overlay-opacity":"","overlay-gradient":""}}},"product_brand":[525],"product_cat":[461],"product_tag":[],"class_list":{"0":"post-103928","1":"product","2":"type-product","3":"status-publish","4":"has-post-thumbnail","6":"product_brand-inter-play","7":"product_cat-lekpaneler","8":"desktop-align-center","9":"tablet-align-left","10":"mobile-align-left","12":"first","13":"instock","14":"taxable","15":"shipping-taxable","16":"purchasable","17":"product-type-simple"},"_links":{"self":[{"href":"https:\/\/readymade.se\/lekplats\/wp-json\/wp\/v2\/product\/103928","targetHints":{"allow":["GET"]}}],"collection":[{"href":"https:\/\/readymade.se\/lekplats\/wp-json\/wp\/v2\/product"}],"about":[{"href":"https:\/\/readymade.se\/lekplats\/wp-json\/wp\/v2\/types\/product"}],"wp:featuredmedia":[{"embeddable":true,"href":"https:\/\/readymade.se\/lekplats\/wp-json\/wp\/v2\/media\/101521"}],"wp:attachment":[{"href":"https:\/\/readymade.se\/lekplats\/wp-json\/wp\/v2\/media?parent=103928"}],"wp:term":[{"taxonomy":"product_brand","embeddable":true,"href":"https:\/\/readymade.se\/lekplats\/wp-json\/wp\/v2\/product_brand?post=103928"},{"taxonomy":"product_cat","embeddable":true,"href":"https:\/\/readymade.se\/lekplats\/wp-json\/wp\/v2\/product_cat?post=103928"},{"taxonomy":"product_tag","embeddable":true,"href":"https:\/\/readymade.se\/lekplats\/wp-json\/wp\/v2\/product_tag?post=103928"}],"curies":[{"name":"wp","href":"https:\/\/api.w.org\/{rel}","templated":true}]}}