{"id":101566,"date":"2025-12-04T13:41:06","date_gmt":"2025-12-04T12:41:06","guid":{"rendered":"https:\/\/readymade.se\/core\/produkt\/spelset-robinia-20\/"},"modified":"2026-02-27T19:49:57","modified_gmt":"2026-02-27T18:49:57","slug":"spelset-robinia-20","status":"publish","type":"product","link":"https:\/\/readymade.se\/lekplats\/produkt\/spelset-robinia-20\/","title":{"rendered":"Robinia 20"},"content":{"rendered":"<p>Lekst\u00e4llningen tillverkat av ROBINIA-tr\u00e4 av h\u00f6gsta kvalitet, som kombinerar ett naturligt ekologiskt utseende med  h\u00e5llbarhet. Setet best\u00e5r av tv\u00e5 h\u00f6gre tr\u00e4stolpar, en dekorerad med ett l\u00f6v och den andra med en ugglefigur. Mellan dem finns st\u00e5lst\u00e4nger p\u00e5 olika niv\u00e5er som skapar en kl\u00e4tterstruktur. Under stavarna finns kortare tr\u00e4stolpar som ocks\u00e5 st\u00f6djer stavarna och l\u00e4gger till element f\u00f6r hoppning eller balansering. Denna konstruktion till\u00e5ter barn att tr\u00e4na balans, smidighet och utveckla fysisk kondition genom att kl\u00e4ttra och balansera p\u00e5 olika h\u00f6jder. Materialen som anv\u00e4nds \u2013 massivt tr\u00e4 och rostfritt st\u00e5l \u2013 s\u00e4kerst\u00e4ller h\u00e5llbarhet och motst\u00e5ndskraft mot v\u00e4derf\u00f6rh\u00e5llanden. Setet passar perfekt in p\u00e5 en lekplats med en naturlig estetik samtidigt som den erbjuder funktionalitet och s\u00e4kerhet.<\/p>\n","protected":false},"excerpt":{"rendered":"<p>Lekst\u00e4llningen tillverkad av ROBINIA-tr\u00e4 av h\u00f6gsta kvalitet, som kombinerar ett naturligt ekologiskt utseende med  h\u00e5llbarhet. Setet best\u00e5r av tv\u00e5 h\u00f6gre tr\u00e4stolpar, en dekorerad med ett l\u00f6v och den andra med en ugglefigu<\/p>\n","protected":false},"featured_media":123428,"template":"","meta":{"site-sidebar-layout":"default","site-content-layout":"","ast-site-content-layout":"default","site-content-style":"default","site-sidebar-style":"default","ast-global-header-display":"","ast-banner-title-visibility":"","ast-main-header-display":"","ast-hfb-above-header-display":"","ast-hfb-below-header-display":"","ast-hfb-mobile-header-display":"","site-post-title":"","ast-breadcrumbs-content":"","ast-featured-img":"","footer-sml-layout":"","theme-transparent-header-meta":"","adv-header-id-meta":"","stick-header-meta":"","header-above-stick-meta":"","header-main-stick-meta":"","header-below-stick-meta":"","astra-migrate-meta-layouts":"default","ast-page-background-enabled":"default","ast-page-background-meta":{"desktop":{"background-color":"var(--ast-global-color-5)","background-image":"","background-repeat":"repeat","background-position":"center center","background-size":"auto","background-attachment":"scroll","background-type":"","background-media":"","overlay-type":"","overlay-color":"","overlay-opacity":"","overlay-gradient":""},"tablet":{"background-color":"","background-image":"","background-repeat":"repeat","background-position":"center center","background-size":"auto","background-attachment":"scroll","background-type":"","background-media":"","overlay-type":"","overlay-color":"","overlay-opacity":"","overlay-gradient":""},"mobile":{"background-color":"","background-image":"","background-repeat":"repeat","background-position":"center center","background-size":"auto","background-attachment":"scroll","background-type":"","background-media":"","overlay-type":"","overlay-color":"","overlay-opacity":"","overlay-gradient":""}},"ast-content-background-meta":{"desktop":{"background-color":"var(--ast-global-color-4)","background-image":"","background-repeat":"repeat","background-position":"center center","background-size":"auto","background-attachment":"scroll","background-type":"","background-media":"","overlay-type":"","overlay-color":"","overlay-opacity":"","overlay-gradient":""},"tablet":{"background-color":"var(--ast-global-color-4)","background-image":"","background-repeat":"repeat","background-position":"center center","background-size":"auto","background-attachment":"scroll","background-type":"","background-media":"","overlay-type":"","overlay-color":"","overlay-opacity":"","overlay-gradient":""},"mobile":{"background-color":"var(--ast-global-color-4)","background-image":"","background-repeat":"repeat","background-position":"center center","background-size":"auto","background-attachment":"scroll","background-type":"","background-media":"","overlay-type":"","overlay-color":"","overlay-opacity":"","overlay-gradient":""}}},"product_brand":[525],"product_cat":[55],"product_tag":[446],"class_list":{"0":"post-101566","1":"product","2":"type-product","3":"status-publish","4":"has-post-thumbnail","6":"product_brand-inter-play","7":"product_cat-balans-motorik","8":"product_tag-readymade-woods","9":"desktop-align-center","10":"tablet-align-left","11":"mobile-align-left","13":"first","14":"instock","15":"taxable","16":"shipping-taxable","17":"purchasable","18":"product-type-simple"},"_links":{"self":[{"href":"https:\/\/readymade.se\/lekplats\/wp-json\/wp\/v2\/product\/101566","targetHints":{"allow":["GET"]}}],"collection":[{"href":"https:\/\/readymade.se\/lekplats\/wp-json\/wp\/v2\/product"}],"about":[{"href":"https:\/\/readymade.se\/lekplats\/wp-json\/wp\/v2\/types\/product"}],"wp:featuredmedia":[{"embeddable":true,"href":"https:\/\/readymade.se\/lekplats\/wp-json\/wp\/v2\/media\/123428"}],"wp:attachment":[{"href":"https:\/\/readymade.se\/lekplats\/wp-json\/wp\/v2\/media?parent=101566"}],"wp:term":[{"taxonomy":"product_brand","embeddable":true,"href":"https:\/\/readymade.se\/lekplats\/wp-json\/wp\/v2\/product_brand?post=101566"},{"taxonomy":"product_cat","embeddable":true,"href":"https:\/\/readymade.se\/lekplats\/wp-json\/wp\/v2\/product_cat?post=101566"},{"taxonomy":"product_tag","embeddable":true,"href":"https:\/\/readymade.se\/lekplats\/wp-json\/wp\/v2\/product_tag?post=101566"}],"curies":[{"name":"wp","href":"https:\/\/api.w.org\/{rel}","templated":true}]}}