{"id":100827,"date":"2025-12-04T09:10:11","date_gmt":"2025-12-04T08:10:11","guid":{"rendered":"https:\/\/readymade.se\/core\/?post_type=product&#038;p=100827"},"modified":"2025-12-15T14:03:35","modified_gmt":"2025-12-15T13:03:35","slug":"provkroppar-vaska","status":"publish","type":"product","link":"https:\/\/readymade.se\/lekplats\/produkt\/provkroppar-vaska\/","title":{"rendered":"Provkroppar V\u00c4SKA"},"content":{"rendered":"<p>Specialstorlek p\u00e5 provkroppsv\u00e4ska enl. SS-EN1176<br \/>\nL\u00e4mplig f\u00f6r s\u00e4ker transport av v\u00e5ra provkroppsset.<br \/>\nAluminium belagd med handtag och b\u00e4lte.<\/p>\n<p>M\u00e5tt inv\u00e4ndigt: 345x460x190 mm<br \/>\nSpecialdesignad v\u00e4ska f\u00f6r provkroppar.<br \/>\nF\u00f6r att f\u00f6rvara och transportera ditt provkroppsset s\u00e4kert och bekv\u00e4mt<br \/>\nMed kombinationsl\u00e5s<br \/>\nMed tv\u00e5 separerade avdelningar, pennh\u00e5llare och axelb\u00e4lte<br \/>\nUtsida gjord av aluminium<br \/>\nInsida med textilinl\u00e4gg<br \/>\nMed handgrepp och plastf\u00f6tter<br \/>\nMed visitkortsavdelning<\/p>\n","protected":false},"excerpt":{"rendered":"<p>Specialstorlek p\u00e5 provkroppsv\u00e4ska enl. SS-EN1176 L\u00e4mplig f\u00f6r s\u00e4ker transport av v\u00e5ra provkroppsset. Aluminium belagd med handtag och b\u00e4lte. M\u00e5tt inv\u00e4ndigt: [&hellip;]<\/p>\n","protected":false},"featured_media":100866,"template":"","meta":{"site-sidebar-layout":"default","site-content-layout":"","ast-site-content-layout":"default","site-content-style":"default","site-sidebar-style":"default","ast-global-header-display":"","ast-banner-title-visibility":"","ast-main-header-display":"","ast-hfb-above-header-display":"","ast-hfb-below-header-display":"","ast-hfb-mobile-header-display":"","site-post-title":"","ast-breadcrumbs-content":"","ast-featured-img":"","footer-sml-layout":"","theme-transparent-header-meta":"","adv-header-id-meta":"","stick-header-meta":"","header-above-stick-meta":"","header-main-stick-meta":"","header-below-stick-meta":"","astra-migrate-meta-layouts":"default","ast-page-background-enabled":"default","ast-page-background-meta":{"desktop":{"background-color":"var(--ast-global-color-5)","background-image":"","background-repeat":"repeat","background-position":"center center","background-size":"auto","background-attachment":"scroll","background-type":"","background-media":"","overlay-type":"","overlay-color":"","overlay-opacity":"","overlay-gradient":""},"tablet":{"background-color":"","background-image":"","background-repeat":"repeat","background-position":"center center","background-size":"auto","background-attachment":"scroll","background-type":"","background-media":"","overlay-type":"","overlay-color":"","overlay-opacity":"","overlay-gradient":""},"mobile":{"background-color":"","background-image":"","background-repeat":"repeat","background-position":"center center","background-size":"auto","background-attachment":"scroll","background-type":"","background-media":"","overlay-type":"","overlay-color":"","overlay-opacity":"","overlay-gradient":""}},"ast-content-background-meta":{"desktop":{"background-color":"var(--ast-global-color-4)","background-image":"","background-repeat":"repeat","background-position":"center center","background-size":"auto","background-attachment":"scroll","background-type":"","background-media":"","overlay-type":"","overlay-color":"","overlay-opacity":"","overlay-gradient":""},"tablet":{"background-color":"var(--ast-global-color-4)","background-image":"","background-repeat":"repeat","background-position":"center center","background-size":"auto","background-attachment":"scroll","background-type":"","background-media":"","overlay-type":"","overlay-color":"","overlay-opacity":"","overlay-gradient":""},"mobile":{"background-color":"var(--ast-global-color-4)","background-image":"","background-repeat":"repeat","background-position":"center center","background-size":"auto","background-attachment":"scroll","background-type":"","background-media":"","overlay-type":"","overlay-color":"","overlay-opacity":"","overlay-gradient":""}}},"product_brand":[],"product_cat":[506],"product_tag":[552],"class_list":{"0":"post-100827","1":"product","2":"type-product","3":"status-publish","4":"has-post-thumbnail","6":"product_cat-reservdelar-och-tillbehor","7":"product_tag-docks","8":"desktop-align-center","9":"tablet-align-left","10":"mobile-align-left","12":"first","13":"instock","14":"sold-individually","15":"taxable","16":"shipping-taxable","17":"purchasable","18":"product-type-simple"},"_links":{"self":[{"href":"https:\/\/readymade.se\/lekplats\/wp-json\/wp\/v2\/product\/100827","targetHints":{"allow":["GET"]}}],"collection":[{"href":"https:\/\/readymade.se\/lekplats\/wp-json\/wp\/v2\/product"}],"about":[{"href":"https:\/\/readymade.se\/lekplats\/wp-json\/wp\/v2\/types\/product"}],"wp:featuredmedia":[{"embeddable":true,"href":"https:\/\/readymade.se\/lekplats\/wp-json\/wp\/v2\/media\/100866"}],"wp:attachment":[{"href":"https:\/\/readymade.se\/lekplats\/wp-json\/wp\/v2\/media?parent=100827"}],"wp:term":[{"taxonomy":"product_brand","embeddable":true,"href":"https:\/\/readymade.se\/lekplats\/wp-json\/wp\/v2\/product_brand?post=100827"},{"taxonomy":"product_cat","embeddable":true,"href":"https:\/\/readymade.se\/lekplats\/wp-json\/wp\/v2\/product_cat?post=100827"},{"taxonomy":"product_tag","embeddable":true,"href":"https:\/\/readymade.se\/lekplats\/wp-json\/wp\/v2\/product_tag?post=100827"}],"curies":[{"name":"wp","href":"https:\/\/api.w.org\/{rel}","templated":true}]}}