{"id":32496,"date":"2026-03-04T18:44:39","date_gmt":"2026-03-04T17:44:39","guid":{"rendered":"https:\/\/readymade.se\/core\/produkt\/cykelgarage-granit-10-4-m-trabekladd\/"},"modified":"2026-03-05T01:55:12","modified_gmt":"2026-03-05T00:55:12","slug":"cykelgarage-granit-10-4-m-trabekladd","status":"publish","type":"product","link":"https:\/\/readymade.se\/core\/produkt\/cykelgarage-granit-10-4-m-trabekladd\/","title":{"rendered":"Cykelgarage Granit 10 4 m tr\u00e4bekl\u00e4dd"},"content":{"rendered":"<p>Cykelgarage Granit 10 i 4 m tr\u00e4bekl\u00e4dd version \u00e4r ett cykelskydd med lutande tak och ramf\u00e4sten, utformat f\u00f6r f\u00f6rvaring av upp till 10 cyklar i offentliga milj\u00f6er. Stommen \u00e4r en CE-m\u00e4rkt st\u00e5lkonstruktion enligt EN1090-1 med bekl\u00e4dnad i furu. Ytbehandlingen \u00e4r varmf\u00f6rzinkning. Taket utf\u00f6rs i ljusgenomsl\u00e4pplig polykarbonat. Garaget kan f\u00e4stas genom gjutning eller f\u00f6rankring i mark. Med 4 meters l\u00e4ngd passar det d\u00e4r man vill samla cykelparkering under tak. Tr\u00e4bekl\u00e4dnaden i furu kombineras med st\u00e5lstomme och polykarbonattak, och konstruktionen kan monteras genom gjutning eller f\u00f6rankring p\u00e5 plats f\u00f6r en stabil inf\u00e4stning.<\/p>\n","protected":false},"excerpt":{"rendered":"<p>Cykelgarage med plats f\u00f6r 10 cyklar i st\u00e5l, furu och polykarbonat.<\/p>\n","protected":false},"featured_media":32495,"template":"","meta":{"site-sidebar-layout":"","site-content-layout":"","ast-site-content-layout":"","site-content-style":"","site-sidebar-style":"","ast-global-header-display":"","ast-banner-title-visibility":"","ast-main-header-display":"","ast-hfb-above-header-display":"","ast-hfb-below-header-display":"","ast-hfb-mobile-header-display":"","site-post-title":"","ast-breadcrumbs-content":"","ast-featured-img":"","footer-sml-layout":"","theme-transparent-header-meta":"","adv-header-id-meta":"","stick-header-meta":"","header-above-stick-meta":"","header-main-stick-meta":"","header-below-stick-meta":"","astra-migrate-meta-layouts":"","ast-page-background-enabled":"default","ast-page-background-meta":{"desktop":{"background-color":"var(--ast-global-color-5)","background-image":"","background-repeat":"repeat","background-position":"center center","background-size":"auto","background-attachment":"scroll","background-type":"","background-media":"","overlay-type":"","overlay-color":"","overlay-opacity":"","overlay-gradient":""},"tablet":{"background-color":"","background-image":"","background-repeat":"repeat","background-position":"center center","background-size":"auto","background-attachment":"scroll","background-type":"","background-media":"","overlay-type":"","overlay-color":"","overlay-opacity":"","overlay-gradient":""},"mobile":{"background-color":"","background-image":"","background-repeat":"repeat","background-position":"center center","background-size":"auto","background-attachment":"scroll","background-type":"","background-media":"","overlay-type":"","overlay-color":"","overlay-opacity":"","overlay-gradient":""}},"ast-content-background-meta":{"desktop":{"background-color":"var(--ast-global-color-4)","background-image":"","background-repeat":"repeat","background-position":"center center","background-size":"auto","background-attachment":"scroll","background-type":"","background-media":"","overlay-type":"","overlay-color":"","overlay-opacity":"","overlay-gradient":""},"tablet":{"background-color":"var(--ast-global-color-4)","background-image":"","background-repeat":"repeat","background-position":"center center","background-size":"auto","background-attachment":"scroll","background-type":"","background-media":"","overlay-type":"","overlay-color":"","overlay-opacity":"","overlay-gradient":""},"mobile":{"background-color":"var(--ast-global-color-4)","background-image":"","background-repeat":"repeat","background-position":"center center","background-size":"auto","background-attachment":"scroll","background-type":"","background-media":"","overlay-type":"","overlay-color":"","overlay-opacity":"","overlay-gradient":""}}},"product_brand":[],"product_cat":[60,61,39],"product_tag":[155],"class_list":{"0":"post-32496","1":"product","2":"type-product","3":"status-publish","4":"has-post-thumbnail","6":"product_cat-cykelstall","7":"product_cat-forrad","8":"product_cat-gata-park","9":"product_tag-serie-urban-furniture","10":"desktop-align-center","11":"tablet-align-left","12":"mobile-align-left","14":"first","15":"instock","16":"taxable","17":"shipping-taxable","18":"purchasable","19":"product-type-simple"},"_links":{"self":[{"href":"https:\/\/readymade.se\/core\/wp-json\/wp\/v2\/product\/32496","targetHints":{"allow":["GET"]}}],"collection":[{"href":"https:\/\/readymade.se\/core\/wp-json\/wp\/v2\/product"}],"about":[{"href":"https:\/\/readymade.se\/core\/wp-json\/wp\/v2\/types\/product"}],"wp:featuredmedia":[{"embeddable":true,"href":"https:\/\/readymade.se\/core\/wp-json\/wp\/v2\/media\/32495"}],"wp:attachment":[{"href":"https:\/\/readymade.se\/core\/wp-json\/wp\/v2\/media?parent=32496"}],"wp:term":[{"taxonomy":"product_brand","embeddable":true,"href":"https:\/\/readymade.se\/core\/wp-json\/wp\/v2\/product_brand?post=32496"},{"taxonomy":"product_cat","embeddable":true,"href":"https:\/\/readymade.se\/core\/wp-json\/wp\/v2\/product_cat?post=32496"},{"taxonomy":"product_tag","embeddable":true,"href":"https:\/\/readymade.se\/core\/wp-json\/wp\/v2\/product_tag?post=32496"}],"curies":[{"name":"wp","href":"https:\/\/api.w.org\/{rel}","templated":true}]}}