{"id":32222,"date":"2026-03-04T18:38:43","date_gmt":"2026-03-04T17:38:43","guid":{"rendered":"https:\/\/readymade.se\/core\/?post_type=product&#038;p=32222"},"modified":"2026-03-05T01:54:50","modified_gmt":"2026-03-05T00:54:50","slug":"fordon-jeep","status":"publish","type":"product","link":"https:\/\/readymade.se\/core\/produkt\/fordon-jeep\/","title":{"rendered":"Fordon Jeep"},"content":{"rendered":"<p>Lekbilen JEEP \u00e4r en unik och robust lekenhet med plats f\u00f6r b\u00e5de f\u00f6rare och passagerare. Den har ett f\u00f6rars\u00e4te och ett passagerars\u00e4te framtill samt tv\u00e5 passagerars\u00e4ten baktill, vilket g\u00f6r att flera barn kan leka tillsammans.<\/p>\n<p>Fordonet \u00e4r utrustat med ratt, tv\u00e5 v\u00e4xelspakar, tv\u00e5 roterande instrumentpanelindikatorer, blinkers samt en r\u00f6rlig \u00f6ppning f\u00f6r elektriskt laddningsuttag. En leksaksvinsch framtill f\u00f6rst\u00e4rker rolleksupplevelsen. Bilens ram \u00e4r tillverkad av varmf\u00f6rzinkat st\u00e5l, karossen av slitstark HDPE-plast och f\u00e4sten av varmf\u00f6rzinkat st\u00e5l. Standardutf\u00f6rande \u00e4r ingjutning i betong.<\/p>\n","protected":false},"excerpt":{"rendered":"<p>Detaljrik lekjeep som bjuder in till fartfylld rolllek och samarbete. Utrustad med m\u00e5nga r\u00f6rliga funktioner som stimulerar fantasi och motorik.<\/p>\n","protected":false},"featured_media":36317,"template":"","meta":{"site-sidebar-layout":"","site-content-layout":"","ast-site-content-layout":"","site-content-style":"","site-sidebar-style":"","ast-global-header-display":"","ast-banner-title-visibility":"","ast-main-header-display":"","ast-hfb-above-header-display":"","ast-hfb-below-header-display":"","ast-hfb-mobile-header-display":"","site-post-title":"","ast-breadcrumbs-content":"","ast-featured-img":"","footer-sml-layout":"","theme-transparent-header-meta":"","adv-header-id-meta":"","stick-header-meta":"","header-above-stick-meta":"","header-main-stick-meta":"","header-below-stick-meta":"","astra-migrate-meta-layouts":"","ast-page-background-enabled":"default","ast-page-background-meta":{"desktop":{"background-color":"var(--ast-global-color-5)","background-image":"","background-repeat":"repeat","background-position":"center center","background-size":"auto","background-attachment":"scroll","background-type":"","background-media":"","overlay-type":"","overlay-color":"","overlay-opacity":"","overlay-gradient":""},"tablet":{"background-color":"","background-image":"","background-repeat":"repeat","background-position":"center center","background-size":"auto","background-attachment":"scroll","background-type":"","background-media":"","overlay-type":"","overlay-color":"","overlay-opacity":"","overlay-gradient":""},"mobile":{"background-color":"","background-image":"","background-repeat":"repeat","background-position":"center center","background-size":"auto","background-attachment":"scroll","background-type":"","background-media":"","overlay-type":"","overlay-color":"","overlay-opacity":"","overlay-gradient":""}},"ast-content-background-meta":{"desktop":{"background-color":"var(--ast-global-color-4)","background-image":"","background-repeat":"repeat","background-position":"center center","background-size":"auto","background-attachment":"scroll","background-type":"","background-media":"","overlay-type":"","overlay-color":"","overlay-opacity":"","overlay-gradient":""},"tablet":{"background-color":"var(--ast-global-color-4)","background-image":"","background-repeat":"repeat","background-position":"center center","background-size":"auto","background-attachment":"scroll","background-type":"","background-media":"","overlay-type":"","overlay-color":"","overlay-opacity":"","overlay-gradient":""},"mobile":{"background-color":"var(--ast-global-color-4)","background-image":"","background-repeat":"repeat","background-position":"center center","background-size":"auto","background-attachment":"scroll","background-type":"","background-media":"","overlay-type":"","overlay-color":"","overlay-opacity":"","overlay-gradient":""}}},"product_brand":[56],"product_cat":[135,134],"product_tag":[153],"class_list":{"0":"post-32222","1":"product","2":"type-product","3":"status-publish","4":"has-post-thumbnail","6":"product_brand-tiptiptap","7":"product_cat-fordon-temalek","8":"product_cat-temalek","9":"product_tag-serie-standard","10":"desktop-align-center","11":"tablet-align-left","12":"mobile-align-left","14":"first","15":"instock","16":"taxable","17":"shipping-taxable","18":"purchasable","19":"product-type-variable","20":"has-default-attributes"},"_links":{"self":[{"href":"https:\/\/readymade.se\/core\/wp-json\/wp\/v2\/product\/32222","targetHints":{"allow":["GET"]}}],"collection":[{"href":"https:\/\/readymade.se\/core\/wp-json\/wp\/v2\/product"}],"about":[{"href":"https:\/\/readymade.se\/core\/wp-json\/wp\/v2\/types\/product"}],"wp:featuredmedia":[{"embeddable":true,"href":"https:\/\/readymade.se\/core\/wp-json\/wp\/v2\/media\/36317"}],"wp:attachment":[{"href":"https:\/\/readymade.se\/core\/wp-json\/wp\/v2\/media?parent=32222"}],"wp:term":[{"taxonomy":"product_brand","embeddable":true,"href":"https:\/\/readymade.se\/core\/wp-json\/wp\/v2\/product_brand?post=32222"},{"taxonomy":"product_cat","embeddable":true,"href":"https:\/\/readymade.se\/core\/wp-json\/wp\/v2\/product_cat?post=32222"},{"taxonomy":"product_tag","embeddable":true,"href":"https:\/\/readymade.se\/core\/wp-json\/wp\/v2\/product_tag?post=32222"}],"curies":[{"name":"wp","href":"https:\/\/api.w.org\/{rel}","templated":true}]}}