{"id":32020,"date":"2026-03-04T18:34:38","date_gmt":"2026-03-04T17:34:38","guid":{"rendered":"https:\/\/readymade.se\/core\/?post_type=product&#038;p=32020"},"modified":"2026-03-05T01:54:30","modified_gmt":"2026-03-05T00:54:30","slug":"gym-spinningcykel","status":"publish","type":"product","link":"https:\/\/readymade.se\/core\/produkt\/gym-spinningcykel\/","title":{"rendered":"Gym Spinningcykel"},"content":{"rendered":"<p>Cykling \u00e4r en effektiv och skonsam form av konditionstr\u00e4ning som st\u00e4rker musklerna i l\u00e5r, vader och s\u00e4te med l\u00e5g belastning p\u00e5 lederna. Outdoor spinningcykel kombinerar en slitstark konstruktion med funktioner fr\u00e5n professionella inomhuscyklar, vilket g\u00f6r den l\u00e4mplig f\u00f6r b\u00e5de offentliga milj\u00f6er och idrottsklubbar. Konstruktionen \u00e4r tillverkad av h\u00f6gkvalitativt S235-st\u00e5l som sandbl\u00e4strats och pulverlackerats f\u00f6r korrosionsskydd. Finns \u00e4ven i galvaniserat utf\u00f6rande f\u00f6r extra l\u00e5ng livsl\u00e4ngd. Sitsar och ryggst\u00f6d \u00e4r tillverkade av starkt HDPE-material som \u00e4r v\u00e4rme-, fukt- och UV-best\u00e4ndigt. Fotst\u00f6d i halkfri HDPE med h\u00f6g slitstyrka.<\/p>\n","protected":false},"excerpt":{"rendered":"<p>Utomhus spinningcykel f\u00f6r effektiv konditionstr\u00e4ning.<\/p>\n","protected":false},"featured_media":32070,"template":"","meta":{"site-sidebar-layout":"default","site-content-layout":"","ast-site-content-layout":"default","site-content-style":"default","site-sidebar-style":"default","ast-global-header-display":"","ast-banner-title-visibility":"","ast-main-header-display":"","ast-hfb-above-header-display":"","ast-hfb-below-header-display":"","ast-hfb-mobile-header-display":"","site-post-title":"","ast-breadcrumbs-content":"","ast-featured-img":"","footer-sml-layout":"","theme-transparent-header-meta":"default","adv-header-id-meta":"","stick-header-meta":"","header-above-stick-meta":"","header-main-stick-meta":"","header-below-stick-meta":"","astra-migrate-meta-layouts":"set","ast-page-background-enabled":"default","ast-page-background-meta":{"desktop":{"background-color":"var(--ast-global-color-5)","background-image":"","background-repeat":"repeat","background-position":"center center","background-size":"auto","background-attachment":"scroll","background-type":"","background-media":"","overlay-type":"","overlay-color":"","overlay-opacity":"","overlay-gradient":""},"tablet":{"background-color":"","background-image":"","background-repeat":"repeat","background-position":"center center","background-size":"auto","background-attachment":"scroll","background-type":"","background-media":"","overlay-type":"","overlay-color":"","overlay-opacity":"","overlay-gradient":""},"mobile":{"background-color":"","background-image":"","background-repeat":"repeat","background-position":"center center","background-size":"auto","background-attachment":"scroll","background-type":"","background-media":"","overlay-type":"","overlay-color":"","overlay-opacity":"","overlay-gradient":""}},"ast-content-background-meta":{"desktop":{"background-color":"var(--ast-global-color-4)","background-image":"","background-repeat":"repeat","background-position":"center center","background-size":"auto","background-attachment":"scroll","background-type":"","background-media":"","overlay-type":"","overlay-color":"","overlay-opacity":"","overlay-gradient":""},"tablet":{"background-color":"var(--ast-global-color-4)","background-image":"","background-repeat":"repeat","background-position":"center center","background-size":"auto","background-attachment":"scroll","background-type":"","background-media":"","overlay-type":"","overlay-color":"","overlay-opacity":"","overlay-gradient":""},"mobile":{"background-color":"var(--ast-global-color-4)","background-image":"","background-repeat":"repeat","background-position":"center center","background-size":"auto","background-attachment":"scroll","background-type":"","background-media":"","overlay-type":"","overlay-color":"","overlay-opacity":"","overlay-gradient":""}}},"product_brand":[56],"product_cat":[63,19],"product_tag":[],"class_list":{"0":"post-32020","1":"product","2":"type-product","3":"status-publish","4":"has-post-thumbnail","6":"product_brand-tiptiptap","7":"product_cat-gym","8":"product_cat-sport-rorelse","9":"desktop-align-center","10":"tablet-align-left","11":"mobile-align-left","13":"first","14":"instock","15":"taxable","16":"shipping-taxable","17":"purchasable","18":"product-type-simple"},"_links":{"self":[{"href":"https:\/\/readymade.se\/core\/wp-json\/wp\/v2\/product\/32020","targetHints":{"allow":["GET"]}}],"collection":[{"href":"https:\/\/readymade.se\/core\/wp-json\/wp\/v2\/product"}],"about":[{"href":"https:\/\/readymade.se\/core\/wp-json\/wp\/v2\/types\/product"}],"wp:featuredmedia":[{"embeddable":true,"href":"https:\/\/readymade.se\/core\/wp-json\/wp\/v2\/media\/32070"}],"wp:attachment":[{"href":"https:\/\/readymade.se\/core\/wp-json\/wp\/v2\/media?parent=32020"}],"wp:term":[{"taxonomy":"product_brand","embeddable":true,"href":"https:\/\/readymade.se\/core\/wp-json\/wp\/v2\/product_brand?post=32020"},{"taxonomy":"product_cat","embeddable":true,"href":"https:\/\/readymade.se\/core\/wp-json\/wp\/v2\/product_cat?post=32020"},{"taxonomy":"product_tag","embeddable":true,"href":"https:\/\/readymade.se\/core\/wp-json\/wp\/v2\/product_tag?post=32020"}],"curies":[{"name":"wp","href":"https:\/\/api.w.org\/{rel}","templated":true}]}}