{"id":27453,"date":"2026-03-04T16:41:05","date_gmt":"2026-03-04T15:41:05","guid":{"rendered":"https:\/\/readymade.se\/core\/?post_type=product&#038;p=27453"},"modified":"2026-03-05T01:43:40","modified_gmt":"2026-03-05T00:43:40","slug":"sandlada-plastnatskydd-for-sandlada-6x3-m","status":"publish","type":"product","link":"https:\/\/readymade.se\/core\/produkt\/sandlada-plastnatskydd-for-sandlada-6x3-m\/","title":{"rendered":"Sandl\u00e5da Plastn\u00e4tskydd f\u00f6r sandl\u00e5da 6&#215;3 m"},"content":{"rendered":"<p>Sandl\u00e5deskydd tillverkat av h\u00f6gh\u00e5llfast PVC-n\u00e4tmaterial f\u00f6r utomhusbruk. Skyddet h\u00e5ller djur borta fr\u00e5n sanden och minskar risken f\u00f6r m\u00f6gel. Ett kraftigt gummisn\u00f6re l\u00f6per genom metall\u00f6glor i kanterna och h\u00e5ller skyddet s\u00e4kert p\u00e5 plats. Materialet \u00e4r mycket l\u00e5nglivat och motst\u00e5ndskraftigt mot mekanisk p\u00e5verkan. Tekniska data: vikt 250 g\/m\u00b2, rivh\u00e5llfasthet 250 N\/5 cm, dragh\u00e5llfasthet 900 N\/5 cm. Tryckt gr\u00e4simitation med m\u00f6jlighet till specialtryck. Anpassade storlekar kan tillverkas.<\/p>\n","protected":false},"excerpt":{"rendered":"<p>Extra slitstarkt plastn\u00e4tskydd som skyddar stora sandl\u00e5dor mot djur, fukt och nedsmutsning.<\/p>\n","protected":false},"featured_media":27501,"template":"","meta":{"site-sidebar-layout":"default","site-content-layout":"","ast-site-content-layout":"default","site-content-style":"default","site-sidebar-style":"default","ast-global-header-display":"","ast-banner-title-visibility":"","ast-main-header-display":"","ast-hfb-above-header-display":"","ast-hfb-below-header-display":"","ast-hfb-mobile-header-display":"","site-post-title":"","ast-breadcrumbs-content":"","ast-featured-img":"","footer-sml-layout":"","theme-transparent-header-meta":"default","adv-header-id-meta":"","stick-header-meta":"","header-above-stick-meta":"","header-main-stick-meta":"","header-below-stick-meta":"","astra-migrate-meta-layouts":"set","ast-page-background-enabled":"default","ast-page-background-meta":{"desktop":{"background-color":"var(--ast-global-color-5)","background-image":"","background-repeat":"repeat","background-position":"center center","background-size":"auto","background-attachment":"scroll","background-type":"","background-media":"","overlay-type":"","overlay-color":"","overlay-opacity":"","overlay-gradient":""},"tablet":{"background-color":"","background-image":"","background-repeat":"repeat","background-position":"center center","background-size":"auto","background-attachment":"scroll","background-type":"","background-media":"","overlay-type":"","overlay-color":"","overlay-opacity":"","overlay-gradient":""},"mobile":{"background-color":"","background-image":"","background-repeat":"repeat","background-position":"center center","background-size":"auto","background-attachment":"scroll","background-type":"","background-media":"","overlay-type":"","overlay-color":"","overlay-opacity":"","overlay-gradient":""}},"ast-content-background-meta":{"desktop":{"background-color":"var(--ast-global-color-4)","background-image":"","background-repeat":"repeat","background-position":"center center","background-size":"auto","background-attachment":"scroll","background-type":"","background-media":"","overlay-type":"","overlay-color":"","overlay-opacity":"","overlay-gradient":""},"tablet":{"background-color":"var(--ast-global-color-4)","background-image":"","background-repeat":"repeat","background-position":"center center","background-size":"auto","background-attachment":"scroll","background-type":"","background-media":"","overlay-type":"","overlay-color":"","overlay-opacity":"","overlay-gradient":""},"mobile":{"background-color":"var(--ast-global-color-4)","background-image":"","background-repeat":"repeat","background-position":"center center","background-size":"auto","background-attachment":"scroll","background-type":"","background-media":"","overlay-type":"","overlay-color":"","overlay-opacity":"","overlay-gradient":""}}},"product_brand":[56],"product_cat":[132],"product_tag":[153],"class_list":{"0":"post-27453","1":"product","2":"type-product","3":"status-publish","4":"has-post-thumbnail","6":"product_brand-tiptiptap","7":"product_cat-sandlador-sand-vattenlek","8":"product_tag-serie-standard","9":"desktop-align-center","10":"tablet-align-left","11":"mobile-align-left","13":"first","14":"instock","15":"taxable","16":"shipping-taxable","17":"purchasable","18":"product-type-simple"},"_links":{"self":[{"href":"https:\/\/readymade.se\/core\/wp-json\/wp\/v2\/product\/27453","targetHints":{"allow":["GET"]}}],"collection":[{"href":"https:\/\/readymade.se\/core\/wp-json\/wp\/v2\/product"}],"about":[{"href":"https:\/\/readymade.se\/core\/wp-json\/wp\/v2\/types\/product"}],"wp:featuredmedia":[{"embeddable":true,"href":"https:\/\/readymade.se\/core\/wp-json\/wp\/v2\/media\/27501"}],"wp:attachment":[{"href":"https:\/\/readymade.se\/core\/wp-json\/wp\/v2\/media?parent=27453"}],"wp:term":[{"taxonomy":"product_brand","embeddable":true,"href":"https:\/\/readymade.se\/core\/wp-json\/wp\/v2\/product_brand?post=27453"},{"taxonomy":"product_cat","embeddable":true,"href":"https:\/\/readymade.se\/core\/wp-json\/wp\/v2\/product_cat?post=27453"},{"taxonomy":"product_tag","embeddable":true,"href":"https:\/\/readymade.se\/core\/wp-json\/wp\/v2\/product_tag?post=27453"}],"curies":[{"name":"wp","href":"https:\/\/api.w.org\/{rel}","templated":true}]}}