{"id":24579,"date":"2026-03-04T15:23:13","date_gmt":"2026-03-04T14:23:13","guid":{"rendered":"https:\/\/readymade.se\/core\/?post_type=product&#038;p=24579"},"modified":"2026-03-05T01:36:12","modified_gmt":"2026-03-05T00:36:12","slug":"agility-ringa","status":"publish","type":"product","link":"https:\/\/readymade.se\/core\/produkt\/agility-ringa\/","title":{"rendered":"Agility Ringa"},"content":{"rendered":"<p>Ring\u00f6ppningens diameter \u00e4r 45-60 cm. Mitten av \u00f6ppningen fr\u00e5n marken \u00e4r mellan 55 cm-80 cm (mini 55 cm, midi 55 cm, max 80 cm). Ringkedjef\u00e4stena \u00e4r justerbara och inga stela anslutningar anv\u00e4nds f\u00f6r att f\u00e4sta ringen (d\u00e4cket). Ringen \u00e4r stark och stabil och ringens tjocklek \u00e4r mellan 8-18 cm. Elementets stomme \u00e4r av m\u00e5lat\/impregnerat tr\u00e4, h\u00f6rnen kommer med HDPE h\u00f6rndetaljer. Produkten \u00e4r ingjuten i marken. Agilityprodukter hj\u00e4lper till att utveckla samarbetet mellan hunden och \u00e4garen, och \u00e4r &#8211; f\u00f6rutom idrottsplatser och f\u00e4lt &#8211; \u00e4ven idealiska f\u00f6r hemtr\u00e4dg\u00e5rden.<\/p>\n","protected":false},"excerpt":{"rendered":"<p>Ring\u00f6ppningens diameter \u00e4r 45-60 cm. Mitten av \u00f6ppningen fr\u00e5n marken \u00e4r mellan 55 cm-80 cm (mini 55 cm, midi 55 cm, max 80 cm). Ringkedjef\u00e4stena \u00e4r justerbara och inga stela anslutningar anv\u00e4nds f\u00f6r att f\u00e4sta ringen (d\u00e4cket). Ringen \u00e4r stark och stabil och ringens tjocklek \u00e4r mellan 8-18 cm. Elementets stomme \u00e4r av m\u00e5lat\/impregnerat tr\u00e4, h\u00f6rnen kommer med HDPE h\u00f6rndetaljer. Produkten \u00e4r ingjuten i marken. Agilityprodukter hj\u00e4lper till att utveckla samarbetet mellan hunden och \u00e4garen, och \u00e4r &#8211; f\u00f6rutom idrottsplatser och f\u00e4lt &#8211; \u00e4ven idealiska f\u00f6r hemtr\u00e4dg\u00e5rden.<\/p>\n","protected":false},"featured_media":24632,"template":"","meta":{"site-sidebar-layout":"","site-content-layout":"","ast-site-content-layout":"","site-content-style":"","site-sidebar-style":"","ast-global-header-display":"","ast-banner-title-visibility":"","ast-main-header-display":"","ast-hfb-above-header-display":"","ast-hfb-below-header-display":"","ast-hfb-mobile-header-display":"","site-post-title":"","ast-breadcrumbs-content":"","ast-featured-img":"","footer-sml-layout":"","theme-transparent-header-meta":"","adv-header-id-meta":"","stick-header-meta":"","header-above-stick-meta":"","header-main-stick-meta":"","header-below-stick-meta":"","astra-migrate-meta-layouts":"","ast-page-background-enabled":"default","ast-page-background-meta":{"desktop":{"background-color":"var(--ast-global-color-5)","background-image":"","background-repeat":"repeat","background-position":"center center","background-size":"auto","background-attachment":"scroll","background-type":"","background-media":"","overlay-type":"","overlay-color":"","overlay-opacity":"","overlay-gradient":""},"tablet":{"background-color":"","background-image":"","background-repeat":"repeat","background-position":"center center","background-size":"auto","background-attachment":"scroll","background-type":"","background-media":"","overlay-type":"","overlay-color":"","overlay-opacity":"","overlay-gradient":""},"mobile":{"background-color":"","background-image":"","background-repeat":"repeat","background-position":"center center","background-size":"auto","background-attachment":"scroll","background-type":"","background-media":"","overlay-type":"","overlay-color":"","overlay-opacity":"","overlay-gradient":""}},"ast-content-background-meta":{"desktop":{"background-color":"var(--ast-global-color-4)","background-image":"","background-repeat":"repeat","background-position":"center center","background-size":"auto","background-attachment":"scroll","background-type":"","background-media":"","overlay-type":"","overlay-color":"","overlay-opacity":"","overlay-gradient":""},"tablet":{"background-color":"var(--ast-global-color-4)","background-image":"","background-repeat":"repeat","background-position":"center center","background-size":"auto","background-attachment":"scroll","background-type":"","background-media":"","overlay-type":"","overlay-color":"","overlay-opacity":"","overlay-gradient":""},"mobile":{"background-color":"var(--ast-global-color-4)","background-image":"","background-repeat":"repeat","background-position":"center center","background-size":"auto","background-attachment":"scroll","background-type":"","background-media":"","overlay-type":"","overlay-color":"","overlay-opacity":"","overlay-gradient":""}}},"product_brand":[56],"product_cat":[59],"product_tag":[153],"class_list":{"0":"post-24579","1":"product","2":"type-product","3":"status-publish","4":"has-post-thumbnail","6":"product_brand-tiptiptap","7":"product_cat-agility","8":"product_tag-serie-standard","9":"desktop-align-center","10":"tablet-align-left","11":"mobile-align-left","13":"first","14":"instock","15":"taxable","16":"shipping-taxable","17":"purchasable","18":"product-type-simple"},"_links":{"self":[{"href":"https:\/\/readymade.se\/core\/wp-json\/wp\/v2\/product\/24579","targetHints":{"allow":["GET"]}}],"collection":[{"href":"https:\/\/readymade.se\/core\/wp-json\/wp\/v2\/product"}],"about":[{"href":"https:\/\/readymade.se\/core\/wp-json\/wp\/v2\/types\/product"}],"wp:featuredmedia":[{"embeddable":true,"href":"https:\/\/readymade.se\/core\/wp-json\/wp\/v2\/media\/24632"}],"wp:attachment":[{"href":"https:\/\/readymade.se\/core\/wp-json\/wp\/v2\/media?parent=24579"}],"wp:term":[{"taxonomy":"product_brand","embeddable":true,"href":"https:\/\/readymade.se\/core\/wp-json\/wp\/v2\/product_brand?post=24579"},{"taxonomy":"product_cat","embeddable":true,"href":"https:\/\/readymade.se\/core\/wp-json\/wp\/v2\/product_cat?post=24579"},{"taxonomy":"product_tag","embeddable":true,"href":"https:\/\/readymade.se\/core\/wp-json\/wp\/v2\/product_tag?post=24579"}],"curies":[{"name":"wp","href":"https:\/\/api.w.org\/{rel}","templated":true}]}}