{"id":21967,"date":"2025-12-24T13:17:00","date_gmt":"2025-12-24T12:17:00","guid":{"rendered":"https:\/\/readymade.se\/core\/?post_type=product&#038;p=21967"},"modified":"2026-03-04T19:03:29","modified_gmt":"2026-03-04T18:03:29","slug":"lekstallning-carl","status":"publish","type":"product","link":"https:\/\/readymade.se\/core\/produkt\/lekstallning-carl\/","title":{"rendered":"CARL"},"content":{"rendered":"<article class=\"text-token-text-primary w-full focus:outline-none [--shadow-height:45px] has-data-writing-block:pointer-events-none has-data-writing-block:-mt-(--shadow-height) has-data-writing-block:pt-(--shadow-height) [&amp;:has([data-writing-block])&gt;*]:pointer-events-auto [content-visibility:auto] supports-[content-visibility:auto]:[contain-intrinsic-size:auto_100lvh] scroll-mt-[calc(var(--header-height)+min(200px,max(70px,20svh)))]\" dir=\"auto\" tabindex=\"-1\" data-turn-id=\"183832a6-899e-4449-8a79-6d0a4c33de23\" data-testid=\"conversation-turn-62\" data-scroll-anchor=\"true\" data-turn=\"assistant\">\n<div class=\"text-base my-auto mx-auto pb-10 [--thread-content-margin:--spacing(4)] thread-sm:[--thread-content-margin:--spacing(6)] thread-lg:[--thread-content-margin:--spacing(16)] px-(--thread-content-margin)\">\n<div class=\"[--thread-content-max-width:40rem] thread-lg:[--thread-content-max-width:48rem] mx-auto max-w-(--thread-content-max-width) flex-1 group\/turn-messages focus-visible:outline-hidden relative flex w-full min-w-0 flex-col agent-turn\" tabindex=\"-1\">\n<div class=\"flex max-w-full flex-col grow\">\n<div class=\"min-h-8 text-message relative flex w-full flex-col items-end gap-2 text-start break-words whitespace-normal [.text-message+&amp;]:mt-1\" dir=\"auto\" data-message-author-role=\"assistant\" data-message-id=\"54734528-f485-4015-a26b-ad3bfcaced50\" data-message-model-slug=\"gpt-5-1-thinking\">\n<div class=\"flex w-full flex-col gap-1 empty:hidden first:pt-[1px]\">\n<div class=\"markdown prose dark:prose-invert w-full break-words dark markdown-new-styling\">\n<p data-start=\"0\" data-end=\"406\">En lekst\u00e4llning f\u00f6r st\u00f6rre barn som gillar kl\u00e4ttring, utmaningar och fartfylld lek. Anl\u00e4ggningen har tv\u00e5 plattformar (varav en n\u00e4tplattform), en rutschkana i rostfritt st\u00e5l, horisontell stege, kl\u00e4tterv\u00e4gg, stegar, kl\u00e4tterrep och brandmansst\u00e5ng. H\u00e4r kan barn tr\u00e4na styrka, mod, koordination och kroppskontroll \u2013 b\u00e5de sj\u00e4lva och tillsammans med kompisar. Passar bra i skolor, parker och andra offentliga milj\u00f6er.<\/p>\n<h3 data-start=\"408\" data-end=\"438\">Egenskaper och aktiviteter<\/h3>\n<ul data-start=\"440\" data-end=\"1025\" data-is-last-node=\"\" data-is-only-node=\"\">\n<li data-start=\"440\" data-end=\"516\">\n<p data-start=\"442\" data-end=\"516\"><strong data-start=\"442\" data-end=\"464\">Kl\u00e4tterv\u00e4gg (HDPE)<\/strong> \u2013 tr\u00e4nar styrka, koordination och kroppskontroll.<\/p>\n<\/li>\n<li data-start=\"517\" data-end=\"612\">\n<p data-start=\"519\" data-end=\"612\"><strong data-start=\"519\" data-end=\"550\">Vertikal stege &amp; sidorstege<\/strong> \u2013 varierade kl\u00e4ttermoment f\u00f6r greppstyrka, balans och rytm.<\/p>\n<\/li>\n<li data-start=\"613\" data-end=\"696\">\n<p data-start=\"615\" data-end=\"696\"><strong data-start=\"615\" data-end=\"646\">Armg\u00e5ng \/ horisontell stege<\/strong> \u2013 utmanande \u00f6verkroppstr\u00e4ning och koordination.<\/p>\n<\/li>\n<li data-start=\"697\" data-end=\"760\">\n<p data-start=\"699\" data-end=\"760\"><strong data-start=\"699\" data-end=\"713\">Kl\u00e4tterrep<\/strong> \u2013 kr\u00e4ver greppstyrka, b\u00e5lstabilitet och mod.<\/p>\n<\/li>\n<li data-start=\"761\" data-end=\"854\">\n<p data-start=\"763\" data-end=\"854\"><strong data-start=\"763\" data-end=\"787\">Rutschkana ca 2,15 m<\/strong> \u2013 fartfylld \u00e5ktur som tr\u00e4nar kroppskontroll och landningsteknik.<\/p>\n<\/li>\n<li data-start=\"855\" data-end=\"935\">\n<p data-start=\"857\" data-end=\"935\"><strong data-start=\"857\" data-end=\"875\">Brandmansst\u00e5ng<\/strong> \u2013 nedstigning som bygger mod, grepp och trygghet p\u00e5 h\u00f6jd.<\/p>\n<\/li>\n<li data-start=\"936\" data-end=\"1025\" data-is-last-node=\"\">\n<p data-start=\"938\" data-end=\"1025\" data-is-last-node=\"\"><strong data-start=\"938\" data-end=\"950\">Lekh\u00f6rna<\/strong> \u2013 sittplats och temalek som uppmuntrar social lek, rolllek och finmotorik.<\/p>\n<\/li>\n<\/ul>\n<\/div>\n<\/div>\n<\/div>\n<\/div>\n<div class=\"z-0 flex min-h-[46px] justify-start\"><\/div>\n<div class=\"mt-3 w-full empty:hidden\">\n<div class=\"text-center\"><\/div>\n<\/div>\n<\/div>\n<\/div>\n<\/article>\n<div class=\"pointer-events-none h-px w-px\" aria-hidden=\"true\" data-edge=\"true\"><\/div>\n","protected":false},"excerpt":{"rendered":"<p>En lekplats med tv\u00e5 plattformar (varav en \u00e4r en n\u00e4tplattform), en rutschkana och en horisontell stege. Plattformarna kan n\u00e5s via ett sortiment av stegar och en kl\u00e4tterv\u00e4gg. Den horisontella stegen som f\u00f6rbinder plattformarna erbjuder en utmaning att f\u00f6rflytta sig mellan de tv\u00e5 plattformarna utan att kliva ner, eller att kl\u00e4ttra upp till den via ett kl\u00e4tterrep. En rutschkana och en brandmansst\u00e5ng erbjuder utm\u00e4rkta glidm\u00f6jligheter.<\/p>\n","protected":false},"featured_media":6838,"template":"","meta":{"site-sidebar-layout":"default","site-content-layout":"","ast-site-content-layout":"default","site-content-style":"default","site-sidebar-style":"default","ast-global-header-display":"","ast-banner-title-visibility":"","ast-main-header-display":"","ast-hfb-above-header-display":"","ast-hfb-below-header-display":"","ast-hfb-mobile-header-display":"","site-post-title":"","ast-breadcrumbs-content":"","ast-featured-img":"","footer-sml-layout":"","theme-transparent-header-meta":"default","adv-header-id-meta":"","stick-header-meta":"","header-above-stick-meta":"","header-main-stick-meta":"","header-below-stick-meta":"","astra-migrate-meta-layouts":"set","ast-page-background-enabled":"default","ast-page-background-meta":{"desktop":{"background-color":"var(--ast-global-color-5)","background-image":"","background-repeat":"repeat","background-position":"center center","background-size":"auto","background-attachment":"scroll","background-type":"","background-media":"","overlay-type":"","overlay-color":"","overlay-opacity":"","overlay-gradient":""},"tablet":{"background-color":"","background-image":"","background-repeat":"repeat","background-position":"center center","background-size":"auto","background-attachment":"scroll","background-type":"","background-media":"","overlay-type":"","overlay-color":"","overlay-opacity":"","overlay-gradient":""},"mobile":{"background-color":"","background-image":"","background-repeat":"repeat","background-position":"center center","background-size":"auto","background-attachment":"scroll","background-type":"","background-media":"","overlay-type":"","overlay-color":"","overlay-opacity":"","overlay-gradient":""}},"ast-content-background-meta":{"desktop":{"background-color":"var(--ast-global-color-4)","background-image":"","background-repeat":"repeat","background-position":"center center","background-size":"auto","background-attachment":"scroll","background-type":"","background-media":"","overlay-type":"","overlay-color":"","overlay-opacity":"","overlay-gradient":""},"tablet":{"background-color":"var(--ast-global-color-4)","background-image":"","background-repeat":"repeat","background-position":"center center","background-size":"auto","background-attachment":"scroll","background-type":"","background-media":"","overlay-type":"","overlay-color":"","overlay-opacity":"","overlay-gradient":""},"mobile":{"background-color":"var(--ast-global-color-4)","background-image":"","background-repeat":"repeat","background-position":"center center","background-size":"auto","background-attachment":"scroll","background-type":"","background-media":"","overlay-type":"","overlay-color":"","overlay-opacity":"","overlay-gradient":""}}},"product_brand":[56],"product_cat":[58,145,197],"product_tag":[],"class_list":{"0":"post-21967","1":"product","2":"type-product","3":"status-publish","4":"has-post-thumbnail","6":"product_brand-tiptiptap","7":"product_cat-lekplatsutrustning","8":"product_cat-lekstallningar","9":"product_cat-stand","10":"desktop-align-center","11":"tablet-align-left","12":"mobile-align-left","14":"first","15":"instock","16":"taxable","17":"shipping-taxable","18":"purchasable","19":"product-type-variable","20":"has-default-attributes"},"_links":{"self":[{"href":"https:\/\/readymade.se\/core\/wp-json\/wp\/v2\/product\/21967","targetHints":{"allow":["GET"]}}],"collection":[{"href":"https:\/\/readymade.se\/core\/wp-json\/wp\/v2\/product"}],"about":[{"href":"https:\/\/readymade.se\/core\/wp-json\/wp\/v2\/types\/product"}],"wp:featuredmedia":[{"embeddable":true,"href":"https:\/\/readymade.se\/core\/wp-json\/wp\/v2\/media\/6838"}],"wp:attachment":[{"href":"https:\/\/readymade.se\/core\/wp-json\/wp\/v2\/media?parent=21967"}],"wp:term":[{"taxonomy":"product_brand","embeddable":true,"href":"https:\/\/readymade.se\/core\/wp-json\/wp\/v2\/product_brand?post=21967"},{"taxonomy":"product_cat","embeddable":true,"href":"https:\/\/readymade.se\/core\/wp-json\/wp\/v2\/product_cat?post=21967"},{"taxonomy":"product_tag","embeddable":true,"href":"https:\/\/readymade.se\/core\/wp-json\/wp\/v2\/product_tag?post=21967"}],"curies":[{"name":"wp","href":"https:\/\/api.w.org\/{rel}","templated":true}]}}