{"id":21963,"date":"2025-12-24T13:17:00","date_gmt":"2025-12-24T12:17:00","guid":{"rendered":"https:\/\/readymade.se\/core\/?post_type=product&#038;p=21963"},"modified":"2026-03-04T19:03:29","modified_gmt":"2026-03-04T18:03:29","slug":"picknickbord-2","status":"publish","type":"product","link":"https:\/\/readymade.se\/core\/produkt\/picknickbord-2\/","title":{"rendered":"Picknickbord Small"},"content":{"rendered":"<p data-start=\"0\" data-end=\"68\"><strong data-start=\"0\" data-end=\"66\">Picknickbord \u2013 slitstark samlingsplats f\u00f6r uteh\u00e4ng och studier<\/strong><\/p>\n<p data-start=\"70\" data-end=\"325\">Ett starkt och slitstarkt picknickbord som \u00e4r designat f\u00f6r anv\u00e4ndning av b\u00e5de barn och vuxna. Bordet passar utm\u00e4rkt i rekreationsomr\u00e5den, p\u00e5 skolg\u00e5rdar eller som <strong data-start=\"232\" data-end=\"254\">studiebord utomhus<\/strong>, d\u00e4r det blir en naturlig plats f\u00f6r paus, lek, arbete och gemenskap.<\/p>\n<p data-start=\"327\" data-end=\"667\">Det \u00e4r ett traditionellt picknickbord med fasta b\u00e4nkar. Stommen \u00e4r tillverkad i <strong data-start=\"407\" data-end=\"431\">varmf\u00f6rzinkad metall<\/strong> f\u00f6r h\u00f6g h\u00e5llbarhet, medan bordsskiva och sitsar best\u00e5r av <strong data-start=\"490\" data-end=\"516\">v\u00e4derbest\u00e4ndigt limtr\u00e4<\/strong> som t\u00e5l nordiskt klimat. Modellen finns ocks\u00e5 i en <strong data-start=\"568\" data-end=\"593\">st\u00f6rre storlek, PP005<\/strong>, f\u00f6r platser d\u00e4r man vill ge extra m\u00e5nga m\u00f6jlighet att sitta tillsammans.<\/p>\n<p data-start=\"669\" data-end=\"684\"><strong data-start=\"669\" data-end=\"684\">Egenskaper:<\/strong><\/p>\n<ul data-start=\"685\" data-end=\"976\" data-is-last-node=\"\" data-is-only-node=\"\">\n<li data-start=\"685\" data-end=\"735\">\n<p data-start=\"687\" data-end=\"735\">Slitstarkt picknickbord f\u00f6r <strong data-start=\"715\" data-end=\"733\">barn och vuxna<\/strong><\/p>\n<\/li>\n<li data-start=\"736\" data-end=\"792\">\n<p data-start=\"738\" data-end=\"792\">L\u00e4mpligt som <strong data-start=\"751\" data-end=\"790\">rekreations- och studiebord utomhus<\/strong><\/p>\n<\/li>\n<li data-start=\"793\" data-end=\"852\">\n<p data-start=\"795\" data-end=\"852\"><strong data-start=\"795\" data-end=\"831\">Varmf\u00f6rzinkad metallkonstruktion<\/strong> f\u00f6r l\u00e5ng livsl\u00e4ngd<\/p>\n<\/li>\n<li data-start=\"853\" data-end=\"892\">\n<p data-start=\"855\" data-end=\"892\">Skivor i <strong data-start=\"864\" data-end=\"890\">v\u00e4derbest\u00e4ndigt limtr\u00e4<\/strong><\/p>\n<\/li>\n<li data-start=\"893\" data-end=\"935\">\n<p data-start=\"895\" data-end=\"935\">Klassisk modell med integrerade b\u00e4nkar<\/p>\n<\/li>\n<li data-start=\"936\" data-end=\"976\" data-is-last-node=\"\">\n<p data-start=\"938\" data-end=\"976\" data-is-last-node=\"\">Finns \u00e4ven i <strong data-start=\"951\" data-end=\"976\" data-is-last-node=\"\">st\u00f6rre storlek: PP005<\/strong><\/p>\n<\/li>\n<\/ul>\n","protected":false},"excerpt":{"rendered":"<p>Ett starkt och slitstarkt picknickbord som \u00e4r designat f\u00f6r anv\u00e4ndning av barn och vuxna. L\u00e4mplig f\u00f6r rekreationsomr\u00e5den eller som studiebord utomhus.<\/p>\n<p>Det \u00e4r ett traditionellt picknickbord med b\u00e4nkar och dess konstruktion \u00e4r gjord av varmf\u00f6rzinkad metall, d\u00e4r skivorna \u00e4r gjorda av v\u00e4derbest\u00e4ndigt limtr\u00e4. Picknickbordet kommer ocks\u00e5 i en st\u00f6rre storlek, PP005.<\/p>\n","protected":false},"featured_media":5500,"template":"","meta":{"site-sidebar-layout":"default","site-content-layout":"","ast-site-content-layout":"default","site-content-style":"default","site-sidebar-style":"default","ast-global-header-display":"","ast-banner-title-visibility":"","ast-main-header-display":"","ast-hfb-above-header-display":"","ast-hfb-below-header-display":"","ast-hfb-mobile-header-display":"","site-post-title":"","ast-breadcrumbs-content":"","ast-featured-img":"","footer-sml-layout":"","theme-transparent-header-meta":"default","adv-header-id-meta":"","stick-header-meta":"","header-above-stick-meta":"","header-main-stick-meta":"","header-below-stick-meta":"","astra-migrate-meta-layouts":"set","ast-page-background-enabled":"default","ast-page-background-meta":{"desktop":{"background-color":"var(--ast-global-color-5)","background-image":"","background-repeat":"repeat","background-position":"center center","background-size":"auto","background-attachment":"scroll","background-type":"","background-media":"","overlay-type":"","overlay-color":"","overlay-opacity":"","overlay-gradient":""},"tablet":{"background-color":"","background-image":"","background-repeat":"repeat","background-position":"center center","background-size":"auto","background-attachment":"scroll","background-type":"","background-media":"","overlay-type":"","overlay-color":"","overlay-opacity":"","overlay-gradient":""},"mobile":{"background-color":"","background-image":"","background-repeat":"repeat","background-position":"center center","background-size":"auto","background-attachment":"scroll","background-type":"","background-media":"","overlay-type":"","overlay-color":"","overlay-opacity":"","overlay-gradient":""}},"ast-content-background-meta":{"desktop":{"background-color":"var(--ast-global-color-4)","background-image":"","background-repeat":"repeat","background-position":"center center","background-size":"auto","background-attachment":"scroll","background-type":"","background-media":"","overlay-type":"","overlay-color":"","overlay-opacity":"","overlay-gradient":""},"tablet":{"background-color":"var(--ast-global-color-4)","background-image":"","background-repeat":"repeat","background-position":"center center","background-size":"auto","background-attachment":"scroll","background-type":"","background-media":"","overlay-type":"","overlay-color":"","overlay-opacity":"","overlay-gradient":""},"mobile":{"background-color":"var(--ast-global-color-4)","background-image":"","background-repeat":"repeat","background-position":"center center","background-size":"auto","background-attachment":"scroll","background-type":"","background-media":"","overlay-type":"","overlay-color":"","overlay-opacity":"","overlay-gradient":""}}},"product_brand":[56],"product_cat":[39,40,62,197],"product_tag":[141],"class_list":{"0":"post-21963","1":"product","2":"type-product","3":"status-publish","4":"has-post-thumbnail","6":"product_brand-tiptiptap","7":"product_cat-gata-park","8":"product_cat-parkbankar","9":"product_cat-parkutrustning","10":"product_cat-stand","11":"product_tag-core-gata-park","12":"desktop-align-center","13":"tablet-align-left","14":"mobile-align-left","16":"first","17":"instock","18":"taxable","19":"shipping-taxable","20":"purchasable","21":"product-type-variable","22":"has-default-attributes"},"_links":{"self":[{"href":"https:\/\/readymade.se\/core\/wp-json\/wp\/v2\/product\/21963","targetHints":{"allow":["GET"]}}],"collection":[{"href":"https:\/\/readymade.se\/core\/wp-json\/wp\/v2\/product"}],"about":[{"href":"https:\/\/readymade.se\/core\/wp-json\/wp\/v2\/types\/product"}],"wp:featuredmedia":[{"embeddable":true,"href":"https:\/\/readymade.se\/core\/wp-json\/wp\/v2\/media\/5500"}],"wp:attachment":[{"href":"https:\/\/readymade.se\/core\/wp-json\/wp\/v2\/media?parent=21963"}],"wp:term":[{"taxonomy":"product_brand","embeddable":true,"href":"https:\/\/readymade.se\/core\/wp-json\/wp\/v2\/product_brand?post=21963"},{"taxonomy":"product_cat","embeddable":true,"href":"https:\/\/readymade.se\/core\/wp-json\/wp\/v2\/product_cat?post=21963"},{"taxonomy":"product_tag","embeddable":true,"href":"https:\/\/readymade.se\/core\/wp-json\/wp\/v2\/product_tag?post=21963"}],"curies":[{"name":"wp","href":"https:\/\/api.w.org\/{rel}","templated":true}]}}