{"id":21955,"date":"2025-12-24T13:16:59","date_gmt":"2025-12-24T12:16:59","guid":{"rendered":"https:\/\/readymade.se\/core\/?post_type=product&#038;p=21955"},"modified":"2026-03-04T19:03:29","modified_gmt":"2026-03-04T18:03:29","slug":"multiarena-metall-13m-x-21m","status":"publish","type":"product","link":"https:\/\/readymade.se\/core\/produkt\/multiarena-metall-13m-x-21m\/","title":{"rendered":"Multiarena metall 13m x 21m"},"content":{"rendered":"<p>Multifunktionell arena \u00e4r gjord f\u00f6r olika bollspel basket, fotboll, volleyboll, tennis etc.<\/p>\n<p>R\u00e4ckena \u00e4r gjorda av varmgalvaniserade metallpaneler och stolpar. Det \u00e4r ocks\u00e5 m\u00f6jligt att v\u00e4lja en gr\u00f6n eller en speciell f\u00e4rgprodukt.<\/p>\n<p>Arenaportar och basketkonstruktioner av varmgalvaniserat st\u00e5l.<\/p>\n<p>Storleken p\u00e5 arenan och golvmaterialet (gummiyta, grus, konstgr\u00e4s) kan v\u00e4ljas efter den f\u00f6redragna aktiviteten.<\/p>\n","protected":false},"excerpt":{"rendered":"<p>Multifunktionell arena \u00e4r gjord f\u00f6r olika bollspel basket, fotboll, volleyboll, tennis etc.<\/p>\n<p>R\u00e4ckena \u00e4r gjorda av varmgalvaniserade metallpaneler och stolpar. Det \u00e4r ocks\u00e5 m\u00f6jligt att v\u00e4lja en gr\u00f6n eller en speciell f\u00e4rgprodukt.<\/p>\n<p>Arenaportar och basketkonstruktioner av varmgalvaniserat st\u00e5l.<\/p>\n<p>Storleken p\u00e5 arenan och golvmaterialet (gummiyta, grus, konstgr\u00e4s) kan v\u00e4ljas efter den f\u00f6redragna aktiviteten.<\/p>\n","protected":false},"featured_media":2911,"template":"","meta":{"site-sidebar-layout":"default","site-content-layout":"","ast-site-content-layout":"default","site-content-style":"default","site-sidebar-style":"default","ast-global-header-display":"","ast-banner-title-visibility":"","ast-main-header-display":"","ast-hfb-above-header-display":"","ast-hfb-below-header-display":"","ast-hfb-mobile-header-display":"","site-post-title":"","ast-breadcrumbs-content":"","ast-featured-img":"","footer-sml-layout":"","theme-transparent-header-meta":"default","adv-header-id-meta":"","stick-header-meta":"","header-above-stick-meta":"","header-main-stick-meta":"","header-below-stick-meta":"","astra-migrate-meta-layouts":"set","ast-page-background-enabled":"default","ast-page-background-meta":{"desktop":{"background-color":"var(--ast-global-color-5)","background-image":"","background-repeat":"repeat","background-position":"center center","background-size":"auto","background-attachment":"scroll","background-type":"","background-media":"","overlay-type":"","overlay-color":"","overlay-opacity":"","overlay-gradient":""},"tablet":{"background-color":"","background-image":"","background-repeat":"repeat","background-position":"center center","background-size":"auto","background-attachment":"scroll","background-type":"","background-media":"","overlay-type":"","overlay-color":"","overlay-opacity":"","overlay-gradient":""},"mobile":{"background-color":"","background-image":"","background-repeat":"repeat","background-position":"center center","background-size":"auto","background-attachment":"scroll","background-type":"","background-media":"","overlay-type":"","overlay-color":"","overlay-opacity":"","overlay-gradient":""}},"ast-content-background-meta":{"desktop":{"background-color":"var(--ast-global-color-4)","background-image":"","background-repeat":"repeat","background-position":"center center","background-size":"auto","background-attachment":"scroll","background-type":"","background-media":"","overlay-type":"","overlay-color":"","overlay-opacity":"","overlay-gradient":""},"tablet":{"background-color":"var(--ast-global-color-4)","background-image":"","background-repeat":"repeat","background-position":"center center","background-size":"auto","background-attachment":"scroll","background-type":"","background-media":"","overlay-type":"","overlay-color":"","overlay-opacity":"","overlay-gradient":""},"mobile":{"background-color":"var(--ast-global-color-4)","background-image":"","background-repeat":"repeat","background-position":"center center","background-size":"auto","background-attachment":"scroll","background-type":"","background-media":"","overlay-type":"","overlay-color":"","overlay-opacity":"","overlay-gradient":""}}},"product_brand":[56],"product_cat":[20,69,70,19,197],"product_tag":[],"class_list":{"0":"post-21955","1":"product","2":"type-product","3":"status-publish","4":"has-post-thumbnail","6":"product_brand-tiptiptap","7":"product_cat-bollsport","8":"product_cat-multiarenor","9":"product_cat-multisportarenor","10":"product_cat-sport-rorelse","11":"product_cat-stand","12":"desktop-align-center","13":"tablet-align-left","14":"mobile-align-left","16":"first","17":"instock","18":"taxable","19":"shipping-taxable","20":"purchasable","21":"product-type-simple"},"_links":{"self":[{"href":"https:\/\/readymade.se\/core\/wp-json\/wp\/v2\/product\/21955","targetHints":{"allow":["GET"]}}],"collection":[{"href":"https:\/\/readymade.se\/core\/wp-json\/wp\/v2\/product"}],"about":[{"href":"https:\/\/readymade.se\/core\/wp-json\/wp\/v2\/types\/product"}],"wp:featuredmedia":[{"embeddable":true,"href":"https:\/\/readymade.se\/core\/wp-json\/wp\/v2\/media\/2911"}],"wp:attachment":[{"href":"https:\/\/readymade.se\/core\/wp-json\/wp\/v2\/media?parent=21955"}],"wp:term":[{"taxonomy":"product_brand","embeddable":true,"href":"https:\/\/readymade.se\/core\/wp-json\/wp\/v2\/product_brand?post=21955"},{"taxonomy":"product_cat","embeddable":true,"href":"https:\/\/readymade.se\/core\/wp-json\/wp\/v2\/product_cat?post=21955"},{"taxonomy":"product_tag","embeddable":true,"href":"https:\/\/readymade.se\/core\/wp-json\/wp\/v2\/product_tag?post=21955"}],"curies":[{"name":"wp","href":"https:\/\/api.w.org\/{rel}","templated":true}]}}